Last updated on 2024-05-02 09:52:06 CEST.
Flavor | Version | Tinstall | Tcheck | Ttotal | Status | Flags |
---|---|---|---|---|---|---|
r-devel-linux-x86_64-debian-clang | 1.5 | 6.40 | 66.93 | 73.33 | NOTE | |
r-devel-linux-x86_64-debian-gcc | 1.5 | 4.83 | 50.10 | 54.93 | NOTE | |
r-devel-linux-x86_64-fedora-clang | 1.5 | 88.16 | NOTE | |||
r-devel-linux-x86_64-fedora-gcc | 1.5 | 88.84 | NOTE | |||
r-devel-windows-x86_64 | 1.5 | 7.00 | 65.00 | 72.00 | NOTE | |
r-patched-linux-x86_64 | 1.5 | 7.03 | 63.18 | 70.21 | NOTE | |
r-release-linux-x86_64 | 1.5 | 4.34 | 61.77 | 66.11 | NOTE | |
r-release-macos-arm64 | 1.5 | 27.00 | NOTE | |||
r-release-windows-x86_64 | 1.5 | 6.00 | 65.00 | 71.00 | NOTE | |
r-oldrel-macos-arm64 | 1.5 | 26.00 | OK | |||
r-oldrel-macos-x86_64 | 1.5 | 40.00 | OK | |||
r-oldrel-windows-x86_64 | 1.5 | 8.00 | 74.00 | 82.00 | OK |
Version: 1.5
Check: Rd files
Result: NOTE
checkRd: (-1) adaptIntegrateSpherePolar.Rd:14: Lost braces
14 | code{adaptIntegrateBallPolar()} will likely miss these abrupt changes and give
| ^
Flavors: r-devel-linux-x86_64-debian-clang, r-devel-linux-x86_64-debian-gcc, r-devel-linux-x86_64-fedora-clang, r-devel-linux-x86_64-fedora-gcc, r-devel-windows-x86_64, r-patched-linux-x86_64, r-release-linux-x86_64, r-release-macos-arm64, r-release-windows-x86_64