Last updated on 2025-10-24 09:50:22 CEST.
| Flavor | Version | Tinstall | Tcheck | Ttotal | Status | Flags |
|---|---|---|---|---|---|---|
| r-devel-linux-x86_64-debian-clang | 3.0.5 | 1.69 | 52.15 | 53.84 | OK | |
| r-devel-linux-x86_64-debian-gcc | 3.0.5 | 1.99 | 40.99 | 42.98 | OK | |
| r-devel-linux-x86_64-fedora-clang | 3.0.5 | 82.11 | NOTE | |||
| r-devel-linux-x86_64-fedora-gcc | 3.0.5 | 94.27 | NOTE | |||
| r-devel-windows-x86_64 | 3.0.5 | 4.00 | 82.00 | 86.00 | OK | |
| r-patched-linux-x86_64 | 3.0.5 | 2.24 | 50.12 | 52.36 | OK | |
| r-release-linux-x86_64 | 3.0.5 | 1.80 | 50.54 | 52.34 | OK | |
| r-release-macos-arm64 | 3.0.5 | 2.00 | 64.00 | 66.00 | OK | |
| r-release-macos-x86_64 | 3.0.5 | 2.00 | 71.00 | 73.00 | OK | |
| r-release-windows-x86_64 | 3.0.5 | 5.00 | 85.00 | 90.00 | OK | |
| r-oldrel-macos-arm64 | 3.0.5 | 1.00 | 202.00 | 203.00 | OK | |
| r-oldrel-macos-x86_64 | 3.0.5 | 2.00 | 216.00 | 218.00 | OK | |
| r-oldrel-windows-x86_64 | 3.0.5 | 6.00 | 101.00 | 107.00 | OK |
Version: 3.0.5
Check: dependencies in R code
Result: NOTE
Namespace in Imports field not imported from: ‘tibble’
All declared Imports should be used.
Flavors: r-devel-linux-x86_64-fedora-clang, r-devel-linux-x86_64-fedora-gcc