Last updated on 2024-05-02 09:52:14 CEST.
Flavor | Version | Tinstall | Tcheck | Ttotal | Status | Flags |
---|---|---|---|---|---|---|
r-devel-linux-x86_64-debian-clang | 1.0.1 | 40.12 | 58.24 | 98.36 | NOTE | |
r-devel-linux-x86_64-debian-gcc | 1.0.1 | 34.65 | 95.00 | 129.65 | NOTE | |
r-devel-linux-x86_64-fedora-clang | 1.0.1 | 170.07 | NOTE | |||
r-devel-linux-x86_64-fedora-gcc | 1.0.1 | 189.48 | NOTE | |||
r-devel-windows-x86_64 | 1.0.1 | 38.00 | 81.00 | 119.00 | NOTE | |
r-patched-linux-x86_64 | 1.0.1 | 45.40 | 84.30 | 129.70 | NOTE | |
r-release-linux-x86_64 | 1.0.1 | 46.26 | 97.39 | 143.65 | NOTE | |
r-release-macos-arm64 | 1.0.1 | 44.00 | NOTE | |||
r-release-windows-x86_64 | 1.0.1 | 38.00 | 82.00 | 120.00 | NOTE | |
r-oldrel-macos-arm64 | 1.0.1 | 46.00 | NOTE | |||
r-oldrel-macos-x86_64 | 1.0.1 | 77.00 | NOTE | |||
r-oldrel-windows-x86_64 | 1.0.1 | 44.00 | 96.00 | 140.00 | NOTE |
Version: 1.0.1
Check: C++ specification
Result: NOTE
Specified C++11: please drop specification unless essential
Flavors: r-devel-linux-x86_64-debian-clang, r-devel-linux-x86_64-debian-gcc, r-devel-linux-x86_64-fedora-clang, r-devel-linux-x86_64-fedora-gcc, r-devel-windows-x86_64, r-patched-linux-x86_64, r-release-linux-x86_64, r-release-macos-arm64, r-release-windows-x86_64, r-oldrel-macos-arm64, r-oldrel-macos-x86_64, r-oldrel-windows-x86_64
Version: 1.0.1
Check: installed package size
Result: NOTE
installed size is 5.2Mb
sub-directories of 1Mb or more:
libs 3.6Mb
Flavors: r-release-macos-arm64, r-oldrel-macos-arm64, r-oldrel-macos-x86_64