Last updated on 2024-05-01 08:54:59 CEST.
Flavor | Version | Tinstall | Tcheck | Ttotal | Status | Flags |
---|---|---|---|---|---|---|
r-devel-linux-x86_64-debian-clang | 1.0-21 | 37.88 | 409.49 | 447.37 | OK | |
r-devel-linux-x86_64-debian-gcc | 1.0-21 | 30.73 | 289.45 | 320.18 | OK | |
r-devel-linux-x86_64-fedora-clang | 1.0-21 | 535.74 | OK | |||
r-devel-linux-x86_64-fedora-gcc | 1.0-21 | 547.98 | OK | |||
r-devel-windows-x86_64 | 1.0-21 | 29.00 | 293.00 | 322.00 | OK | |
r-patched-linux-x86_64 | 1.0-21 | 47.88 | 384.66 | 432.54 | OK | |
r-release-linux-x86_64 | 1.0-21 | 39.10 | 375.34 | 414.44 | OK | |
r-release-macos-arm64 | 1.0-21 | 135.00 | NOTE | |||
r-release-windows-x86_64 | 1.0-21 | 30.00 | 295.00 | 325.00 | OK | |
r-oldrel-macos-arm64 | 1.0-21 | 140.00 | NOTE | |||
r-oldrel-macos-x86_64 | 1.0-21 | 312.00 | NOTE | |||
r-oldrel-windows-x86_64 | 1.0-21 | 42.00 | 382.00 | 424.00 | OK |
Version: 1.0-21
Check: installed package size
Result: NOTE
installed size is 5.3Mb
sub-directories of 1Mb or more:
R 2.0Mb
doc 2.7Mb
Flavors: r-release-macos-arm64, r-oldrel-macos-arm64, r-oldrel-macos-x86_64