Last updated on 2025-10-24 09:49:56 CEST.
| Flavor | Version | Tinstall | Tcheck | Ttotal | Status | Flags |
|---|---|---|---|---|---|---|
| r-devel-linux-x86_64-debian-clang | 2.1.3.1 | 27.50 | 241.91 | 269.41 | NOTE | |
| r-devel-linux-x86_64-debian-gcc | 2.1.3.1 | 20.95 | 171.78 | 192.73 | OK | |
| r-devel-linux-x86_64-fedora-clang | 2.1.3.1 | 135.00 | 307.12 | 442.12 | OK | |
| r-devel-linux-x86_64-fedora-gcc | 2.1.3.1 | 60.00 | 353.75 | 413.75 | OK | |
| r-devel-windows-x86_64 | 2.1.3.1 | 27.00 | 214.00 | 241.00 | OK | |
| r-patched-linux-x86_64 | 2.1.3.1 | 27.15 | 230.97 | 258.12 | OK | |
| r-release-linux-x86_64 | 2.1.3.1 | 26.15 | 230.64 | 256.79 | OK | |
| r-release-macos-arm64 | 2.1.3.1 | 14.00 | 128.00 | 142.00 | OK | |
| r-release-macos-x86_64 | 2.1.3.1 | 23.00 | 245.00 | 268.00 | OK | |
| r-release-windows-x86_64 | 2.1.3.1 | 26.00 | 218.00 | 244.00 | OK | |
| r-oldrel-macos-arm64 | 2.1.3.1 | 14.00 | 100.00 | 114.00 | NOTE | |
| r-oldrel-macos-x86_64 | 2.1.3.1 | 25.00 | 178.00 | 203.00 | NOTE | |
| r-oldrel-windows-x86_64 | 2.1.3.1 | 41.00 | 285.00 | 326.00 | NOTE |
Version: 2.1.3.1
Check: HTML version of manual
Result: NOTE
Found the following HTML validation problems:
is_necsummary.html:46:1 (is_necsummary.Rd:10): Warning: missing </ul> before </div>
Flavor: r-devel-linux-x86_64-debian-clang
Version: 2.1.3.1
Check: installed package size
Result: NOTE
installed size is 5.4Mb
sub-directories of 1Mb or more:
data 3.7Mb
Flavors: r-oldrel-macos-arm64, r-oldrel-macos-x86_64, r-oldrel-windows-x86_64