Last updated on 2024-04-27 09:49:02 CEST.
Flavor | Version | Tinstall | Tcheck | Ttotal | Status | Flags |
---|---|---|---|---|---|---|
r-devel-linux-x86_64-debian-clang | 0.0.6 | 3.82 | 60.58 | 64.40 | OK | |
r-devel-linux-x86_64-debian-gcc | 0.0.6 | 2.15 | 46.22 | 48.37 | OK | |
r-devel-linux-x86_64-fedora-clang | 0.0.6 | 80.15 | NOTE | |||
r-devel-linux-x86_64-fedora-gcc | 0.0.6 | 90.01 | OK | |||
r-devel-windows-x86_64 | 0.0.6 | 4.00 | 92.00 | 96.00 | OK | |
r-patched-linux-x86_64 | 0.0.6 | 3.70 | 57.22 | 60.92 | OK | |
r-release-linux-x86_64 | 0.0.6 | 3.52 | 56.69 | 60.21 | OK | |
r-release-macos-arm64 | 0.0.6 | 37.00 | OK | |||
r-release-windows-x86_64 | 0.0.6 | 5.00 | 91.00 | 96.00 | OK | |
r-oldrel-macos-arm64 | 0.0.6 | 41.00 | OK | |||
r-oldrel-macos-x86_64 | 0.0.6 | 42.00 | OK | |||
r-oldrel-windows-x86_64 | 0.0.6 | 6.00 | 90.00 | 96.00 | OK |
Version: 0.0.6
Check: Rd cross-references
Result: NOTE
Undeclared packages ‘tint’, ‘pinp’, ‘linl’ in Rd xrefs
Flavor: r-devel-linux-x86_64-fedora-clang