Last updated on 2025-11-23 09:50:42 CET.
| Flavor | Version | Tinstall | Tcheck | Ttotal | Status | Flags |
|---|---|---|---|---|---|---|
| r-devel-linux-x86_64-debian-clang | 0.0.7 | 2.76 | 61.08 | 63.84 | NOTE | |
| r-devel-linux-x86_64-debian-gcc | 0.0.7 | 2.03 | 45.52 | 47.55 | NOTE | |
| r-devel-linux-x86_64-fedora-clang | 0.0.7 | 81.71 | OK | |||
| r-devel-windows-x86_64 | 0.0.7 | 7.00 | 100.00 | 107.00 | OK | |
| r-patched-linux-x86_64 | 0.0.7 | 2.08 | 57.99 | 60.07 | OK | |
| r-release-linux-x86_64 | 0.0.7 | 1.98 | 58.06 | 60.04 | OK | |
| r-release-macos-arm64 | 0.0.7 | OK | ||||
| r-release-macos-x86_64 | 0.0.7 | 2.00 | 74.00 | 76.00 | OK | |
| r-release-windows-x86_64 | 0.0.7 | 5.00 | 107.00 | 112.00 | OK | |
| r-oldrel-macos-arm64 | 0.0.7 | OK | ||||
| r-oldrel-macos-x86_64 | 0.0.7 | 3.00 | 76.00 | 79.00 | OK | |
| r-oldrel-windows-x86_64 | 0.0.7 | 9.00 | 101.00 | 110.00 | OK |
Version: 0.0.7
Check: CRAN incoming feasibility
Result: NOTE
Maintainer: ‘Dirk Eddelbuettel <edd@debian.org>’
No Authors@R field in DESCRIPTION.
Please add one, modifying
Authors@R: c(person(given = "Dirk",
family = "Eddelbuettel",
role = c("aut", "cre"),
email = "edd@debian.org"),
person(given = "Ista",
family = "Zahn",
role = "aut"),
person(given = "Rob",
family = "Hyndman",
role = "aut"))
as necessary.
Flavors: r-devel-linux-x86_64-debian-clang, r-devel-linux-x86_64-debian-gcc