Last updated on 2024-05-01 08:55:02 CEST.
Flavor | Version | Tinstall | Tcheck | Ttotal | Status | Flags |
---|---|---|---|---|---|---|
r-devel-linux-x86_64-debian-clang | 0.1.2 | 6.52 | 53.89 | 60.41 | NOTE | |
r-devel-linux-x86_64-debian-gcc | 0.1.2 | 5.51 | 40.52 | 46.03 | NOTE | |
r-devel-linux-x86_64-fedora-clang | 0.1.2 | 77.41 | NOTE | |||
r-devel-linux-x86_64-fedora-gcc | 0.1.2 | 84.05 | NOTE | |||
r-devel-windows-x86_64 | 0.1.2 | 7.00 | 58.00 | 65.00 | NOTE | |
r-patched-linux-x86_64 | 0.1.2 | 7.90 | 52.10 | 60.00 | NOTE | |
r-release-linux-x86_64 | 0.1.2 | 6.42 | 50.84 | 57.26 | NOTE | |
r-release-macos-arm64 | 0.1.2 | 27.00 | NOTE | |||
r-release-windows-x86_64 | 0.1.2 | 8.00 | 58.00 | 66.00 | NOTE | |
r-oldrel-macos-arm64 | 0.1.2 | 27.00 | OK | |||
r-oldrel-macos-x86_64 | 0.1.2 | 39.00 | OK | |||
r-oldrel-windows-x86_64 | 0.1.2 | 10.00 | 64.00 | 74.00 | OK |
Version: 0.1.2
Check: Rd files
Result: NOTE
checkRd: (-1) clr.Rd:24: Lost braces
24 | the sense that its Karhunen-Lo\`{e}ve decomposition has qx terms only.}
| ^
Flavors: r-devel-linux-x86_64-debian-clang, r-devel-linux-x86_64-debian-gcc, r-devel-linux-x86_64-fedora-clang, r-devel-linux-x86_64-fedora-gcc, r-devel-windows-x86_64, r-patched-linux-x86_64, r-release-linux-x86_64, r-release-macos-arm64, r-release-windows-x86_64