Last updated on 2024-05-01 08:55:02 CEST.
Flavor | Version | Tinstall | Tcheck | Ttotal | Status | Flags |
---|---|---|---|---|---|---|
r-devel-linux-x86_64-debian-clang | 0.1.9 | 5.47 | 79.83 | 85.30 | OK | |
r-devel-linux-x86_64-debian-gcc | 0.1.9 | 5.50 | 62.07 | 67.57 | OK | |
r-devel-linux-x86_64-fedora-clang | 0.1.9 | 112.61 | NOTE | |||
r-devel-linux-x86_64-fedora-gcc | 0.1.9 | 128.66 | OK | |||
r-devel-windows-x86_64 | 0.1.9 | 7.00 | 72.00 | 79.00 | NOTE | |
r-patched-linux-x86_64 | 0.1.9 | 4.63 | 77.89 | 82.52 | OK | |
r-release-linux-x86_64 | 0.1.9 | 6.45 | 77.59 | 84.04 | OK | |
r-release-macos-arm64 | 0.1.9 | 36.00 | NOTE | |||
r-release-windows-x86_64 | 0.1.9 | 8.00 | 71.00 | 79.00 | NOTE | |
r-oldrel-macos-arm64 | 0.1.9 | 43.00 | NOTE | |||
r-oldrel-macos-x86_64 | 0.1.9 | 57.00 | NOTE | |||
r-oldrel-windows-x86_64 | 0.1.9 | 10.00 | 80.00 | 90.00 | NOTE |
Version: 0.1.9
Check: installed package size
Result: NOTE
installed size is 5.2Mb
sub-directories of 1Mb or more:
doc 4.9Mb
Flavors: r-devel-linux-x86_64-fedora-clang, r-devel-windows-x86_64, r-release-macos-arm64, r-release-windows-x86_64, r-oldrel-macos-arm64, r-oldrel-macos-x86_64, r-oldrel-windows-x86_64