Last updated on 2025-11-23 09:50:44 CET.
| Flavor | Version | Tinstall | Tcheck | Ttotal | Status | Flags |
|---|---|---|---|---|---|---|
| r-devel-linux-x86_64-debian-clang | 0.1.0 | 3.42 | 31.98 | 35.40 | OK | |
| r-devel-linux-x86_64-debian-gcc | 0.1.0 | 2.48 | 25.17 | 27.65 | OK | |
| r-devel-linux-x86_64-fedora-clang | 0.1.0 | 51.14 | NOTE | |||
| r-devel-windows-x86_64 | 0.1.0 | 6.00 | 54.00 | 60.00 | OK | |
| r-patched-linux-x86_64 | 0.1.0 | 3.53 | 30.41 | 33.94 | OK | |
| r-release-linux-x86_64 | 0.1.0 | 3.52 | 30.48 | 34.00 | OK | |
| r-release-macos-arm64 | 0.1.0 | OK | ||||
| r-release-macos-x86_64 | 0.1.0 | 4.00 | 41.00 | 45.00 | OK | |
| r-release-windows-x86_64 | 0.1.0 | 6.00 | 59.00 | 65.00 | OK | |
| r-oldrel-macos-arm64 | 0.1.0 | OK | ||||
| r-oldrel-macos-x86_64 | 0.1.0 | 3.00 | 27.00 | 30.00 | OK | |
| r-oldrel-windows-x86_64 | 0.1.0 | 7.00 | 61.00 | 68.00 | OK |
Version: 0.1.0
Check: dependencies in R code
Result: NOTE
Namespaces in Imports field not imported from:
‘DT’ ‘Hmisc’ ‘dplyr’ ‘foreign’ ‘lavaan’ ‘openxlsx’ ‘purrr’ ‘semTools’
‘shinyWidgets’ ‘stringr’ ‘summarytools’ ‘waiter’
All declared Imports should be used.
Flavor: r-devel-linux-x86_64-fedora-clang