Last updated on 2025-10-21 09:48:28 CEST.
Flavor | Version | Tinstall | Tcheck | Ttotal | Status | Flags |
---|---|---|---|---|---|---|
r-devel-linux-x86_64-debian-clang | 2025.7.30 | 10.74 | 79.22 | 89.96 | OK | |
r-devel-linux-x86_64-debian-gcc | 2025.7.30 | 6.94 | 58.36 | 65.30 | NOTE | |
r-devel-linux-x86_64-fedora-clang | 2025.7.30 | 104.06 | OK | |||
r-devel-linux-x86_64-fedora-gcc | 2025.7.30 | 138.24 | OK | |||
r-devel-windows-x86_64 | 2025.7.30 | 11.00 | 84.00 | 95.00 | OK | |
r-patched-linux-x86_64 | 2025.7.30 | 10.91 | 74.74 | 85.65 | OK | |
r-release-linux-x86_64 | 2025.7.30 | 9.76 | 74.72 | 84.48 | OK | |
r-release-macos-arm64 | 2025.7.30 | 46.00 | OK | |||
r-release-macos-x86_64 | 2025.7.30 | 87.00 | OK | |||
r-release-windows-x86_64 | 2025.7.30 | 12.00 | 88.00 | 100.00 | OK | |
r-oldrel-macos-arm64 | 2025.7.30 | 53.00 | OK | |||
r-oldrel-macos-x86_64 | 2025.7.30 | 91.00 | OK | |||
r-oldrel-windows-x86_64 | 2025.7.30 | 15.00 | 115.00 | 130.00 | OK |
Version: 2025.7.30
Check: HTML version of manual
Result: NOTE
Found the following HTML validation problems:
DBConnection_v9.html:188:1 (DBConnection_v9.Rd:146): Warning: <h5> anchor "Usage" already defined
DBConnection_v9.html:194:1 (DBConnection_v9.Rd:150): Warning: <h5> anchor "Returns" already defined
DBConnection_v9.html:211:1 (DBConnection_v9.Rd:159): Warning: <h5> anchor "Usage" already defined
DBConnection_v9.html:217:1 (DBConnection_v9.Rd:163): Warning: <h5> anchor "Arguments" already defined
DBConnection_v9.html:240:1 (DBConnection_v9.Rd:176): Warning: <h5> anchor "Usage" already defined
DBConnection_v9.html:246:1 (DBConnection_v9.Rd:180): Warning: <h5> anchor "Arguments" already defined
DBConnection_v9.html:269:1 (DBConnection_v9.Rd:193): Warning: <h5> anchor "Usage" already defined
DBConnection_v9.html:285:1 (DBConnection_v9.Rd:203): Warning: <h5> anchor "Usage" already defined
DBConnection_v9.html:291:1 (DBConnection_v9.Rd:207): Warning: <h5> anchor "Arguments" already defined
DBTable_v9.html:265:1 (DBTable_v9.Rd:203): Warning: <h5> anchor "Usage" already defined
DBTable_v9.html:271:1 (DBTable_v9.Rd:207): Warning: <h5> anchor "Arguments" already defined
DBTable_v9.html:294:1 (DBTable_v9.Rd:220): Warning: <h5> anchor "Usage" already defined
DBTable_v9.html:310:1 (DBTable_v9.Rd:230): Warning: <h5> anchor "Usage" already defined
DBTable_v9.html:326:1 (DBTable_v9.Rd:240): Warning: <h5> anchor "Usage" already defined
DBTable_v9.html:342:1 (DBTable_v9.Rd:250): Warning: <h5> anchor "Usage" already defined
DBTable_v9.html:358:1 (DBTable_v9.Rd:260): Warning: <h5> anchor "Usage" already defined
DBTable_v9.html:374:1 (DBTable_v9.Rd:270): Warning: <h5> anchor "Usage" already defined
DBTable_v9.html:384:1 (DBTable_v9.Rd:278): Warning: <h5> anchor "Arguments" already defined
DBTable_v9.html:412:1 (DBTable_v9.Rd:296): Warning: <h5> anchor "Usage" already defined
DBTable_v9.html:422:1 (DBTable_v9.Rd:304): Warning: <h5> anchor "Arguments" already defined
DBTable_v9.html:449:1 (DBTable_v9.Rd:321): Warning: <h5> anchor "Usage" already defined
DBTable_v9.html:465:1 (DBTable_v9.Rd:331): Warning: <h5> anchor "Usage" already defined
DBTable_v9.html:471:1 (DBTable_v9.Rd:335): Warning: <h5> anchor "Arguments" already defined
DBTable_v9.html:494:1 (DBTable_v9.Rd:348): Warning: <h5> anchor "Usage" already defined
DBTable_v9.html:500:1 (DBTable_v9.Rd:352): Warning: <h5> anchor "Arguments" already defined
DBTable_v9.html:523:1 (DBTable_v9.Rd:365): Warning: <h5> anchor "Usage" already defined
DBTable_v9.html:533:1 (DBTable_v9.Rd:373): Warning: <h5> anchor "Arguments" already defined
DBTable_v9.html:560:1 (DBTable_v9.Rd:390): Warning: <h5> anchor "Usage" already defined
DBTable_v9.html:570:1 (DBTable_v9.Rd:398): Warning: <h5> anchor "Arguments" already defined
DBTable_v9.html:597:1 (DBTable_v9.Rd:415): Warning: <h5> anchor "Usage" already defined
DBTable_v9.html:613:1 (DBTable_v9.Rd:425): Warning: <h5> anchor "Usage" already defined
DBTable_v9.html:629:1 (DBTable_v9.Rd:435): Warning: <h5> anchor "Usage" already defined
DBTable_v9.html:645:1 (DBTable_v9.Rd:445): Warning: <h5> anchor "Usage" already defined
DBTable_v9.html:662:1 (DBTable_v9.Rd:456): Warning: <h5> anchor "Usage" already defined
DBTable_v9.html:678:1 (DBTable_v9.Rd:466): Warning: <h5> anchor "Usage" already defined
DBTable_v9.html:684:1 (DBTable_v9.Rd:470): Warning: <h5> anchor "Arguments" already defined
DBTable_v9.html:707:1 (DBTable_v9.Rd:483): Warning: <h5> anchor "Usage" already defined
DBTable_v9.html:723:1 (DBTable_v9.Rd:493): Warning: <h5> anchor "Usage" already defined
DBTable_v9.html:729:1 (DBTable_v9.Rd:497): Warning: <h5> anchor "Arguments" already defined
Flavor: r-devel-linux-x86_64-debian-gcc