Last updated on 2024-05-02 09:51:29 CEST.
Flavor | Version | Tinstall | Tcheck | Ttotal | Status | Flags |
---|---|---|---|---|---|---|
r-devel-linux-x86_64-debian-clang | 0.3.0 | 5.95 | 56.77 | 62.72 | NOTE | |
r-devel-linux-x86_64-debian-gcc | 0.3.0 | 5.21 | 42.76 | 47.97 | NOTE | |
r-devel-linux-x86_64-fedora-clang | 0.3.0 | 84.59 | NOTE | |||
r-devel-linux-x86_64-fedora-gcc | 0.3.0 | 75.87 | NOTE | |||
r-devel-windows-x86_64 | 0.3.0 | 9.00 | 61.00 | 70.00 | NOTE | |
r-patched-linux-x86_64 | 0.3.0 | 6.46 | 53.37 | 59.83 | NOTE | |
r-release-linux-x86_64 | 0.3.0 | 5.95 | 52.87 | 58.82 | NOTE | |
r-release-macos-arm64 | 0.3.0 | 27.00 | NOTE | |||
r-release-windows-x86_64 | 0.3.0 | 8.00 | 62.00 | 70.00 | NOTE | |
r-oldrel-macos-arm64 | 0.3.0 | 27.00 | NOTE | |||
r-oldrel-macos-x86_64 | 0.3.0 | 38.00 | NOTE | |||
r-oldrel-windows-x86_64 | 0.3.0 | 10.00 | 68.00 | 78.00 | NOTE |
Version: 0.3.0
Check: LazyData
Result: NOTE
'LazyData' is specified without a 'data' directory
Flavors: r-devel-linux-x86_64-debian-clang, r-devel-linux-x86_64-debian-gcc, r-devel-linux-x86_64-fedora-clang, r-devel-linux-x86_64-fedora-gcc, r-devel-windows-x86_64, r-patched-linux-x86_64, r-release-linux-x86_64, r-release-macos-arm64, r-release-windows-x86_64, r-oldrel-macos-arm64, r-oldrel-macos-x86_64, r-oldrel-windows-x86_64