Last updated on 2025-10-22 09:50:32 CEST.
Flavor | Version | Tinstall | Tcheck | Ttotal | Status | Flags |
---|---|---|---|---|---|---|
r-devel-linux-x86_64-debian-clang | 1.2.0 | 6.98 | 50.60 | 57.58 | NOTE | |
r-devel-linux-x86_64-debian-gcc | 1.2.0 | 4.54 | 36.07 | 40.61 | NOTE | |
r-devel-linux-x86_64-fedora-clang | 1.2.0 | 21.00 | 65.49 | 86.49 | NOTE | |
r-devel-linux-x86_64-fedora-gcc | 1.2.0 | 15.00 | 66.35 | 81.35 | NOTE | |
r-devel-windows-x86_64 | 1.2.0 | 9.00 | 79.00 | 88.00 | NOTE | |
r-patched-linux-x86_64 | 1.2.0 | 8.90 | 46.99 | 55.89 | NOTE | |
r-release-linux-x86_64 | 1.2.0 | 7.18 | 47.15 | 54.33 | NOTE | |
r-release-macos-arm64 | 1.2.0 | 3.00 | 26.00 | 29.00 | NOTE | |
r-release-macos-x86_64 | 1.2.0 | 5.00 | 41.00 | 46.00 | NOTE | |
r-release-windows-x86_64 | 1.2.0 | 10.00 | 79.00 | 89.00 | NOTE | |
r-oldrel-macos-arm64 | 1.2.0 | 3.00 | 21.00 | 24.00 | NOTE | |
r-oldrel-macos-x86_64 | 1.2.0 | 4.00 | 31.00 | 35.00 | NOTE | |
r-oldrel-windows-x86_64 | 1.2.0 | 11.00 | 90.00 | 101.00 | NOTE |
Version: 1.2.0
Check: Rd files
Result: NOTE
checkRd: (-1) docs_delete_by_query.Rd:47: Lost braces; missing escapes or markup?
47 | as a document at .tasks/task/${taskId}. This is yours to keep or remove
| ^
checkRd: (-1) docs_update_by_query.Rd:48: Lost braces; missing escapes or markup?
48 | as a document at .tasks/task/${taskId}. This is yours to keep or remove
| ^
Flavors: r-devel-linux-x86_64-debian-clang, r-devel-linux-x86_64-debian-gcc, r-devel-linux-x86_64-fedora-clang, r-devel-linux-x86_64-fedora-gcc, r-devel-windows-x86_64, r-patched-linux-x86_64, r-release-linux-x86_64, r-release-macos-arm64, r-release-macos-x86_64, r-release-windows-x86_64, r-oldrel-macos-arm64, r-oldrel-macos-x86_64, r-oldrel-windows-x86_64