Last updated on 2024-05-14 09:53:48 CEST.
Flavor | Version | Tinstall | Tcheck | Ttotal | Status | Flags |
---|---|---|---|---|---|---|
r-devel-linux-x86_64-debian-clang | 0.5.5 | 7.68 | 61.77 | 69.45 | OK | |
r-devel-linux-x86_64-debian-gcc | 0.5.5 | 4.20 | 46.68 | 50.88 | OK | |
r-devel-linux-x86_64-fedora-clang | 0.5.5 | 86.69 | NOTE | |||
r-devel-linux-x86_64-fedora-gcc | 0.5.5 | 127.36 | OK | |||
r-devel-windows-x86_64 | 0.5.5 | 8.00 | 71.00 | 79.00 | NOTE | |
r-patched-linux-x86_64 | 0.5.5 | 7.89 | 57.84 | 65.73 | OK | |
r-release-linux-x86_64 | 0.5.5 | 6.51 | 59.09 | 65.60 | OK | |
r-release-macos-arm64 | 0.5.5 | 36.00 | NOTE | |||
r-release-windows-x86_64 | 0.5.5 | 7.00 | 70.00 | 77.00 | NOTE | |
r-oldrel-macos-arm64 | 0.5.5 | 34.00 | NOTE | |||
r-oldrel-macos-x86_64 | 0.5.5 | 52.00 | NOTE | |||
r-oldrel-windows-x86_64 | 0.5.5 | 9.00 | 74.00 | 83.00 | NOTE |
Version: 0.5.5
Check: installed package size
Result: NOTE
installed size is 7.0Mb
sub-directories of 1Mb or more:
emoji_fonts 6.5Mb
Flavors: r-devel-linux-x86_64-fedora-clang, r-devel-windows-x86_64, r-release-macos-arm64, r-release-windows-x86_64, r-oldrel-macos-arm64, r-oldrel-macos-x86_64, r-oldrel-windows-x86_64