Last updated on 2025-10-24 09:50:01 CEST.
| Flavor | Version | Tinstall | Tcheck | Ttotal | Status | Flags |
|---|---|---|---|---|---|---|
| r-devel-linux-x86_64-debian-clang | 1.1.0 | 23.54 | 68.17 | 91.71 | NOTE | |
| r-devel-linux-x86_64-debian-gcc | 1.1.0 | 15.04 | 51.55 | 66.59 | OK | |
| r-devel-linux-x86_64-fedora-clang | 1.1.0 | 54.00 | 103.60 | 157.60 | OK | |
| r-devel-linux-x86_64-fedora-gcc | 1.1.0 | 42.00 | 93.39 | 135.39 | OK | |
| r-devel-windows-x86_64 | 1.1.0 | 29.00 | 91.00 | 120.00 | OK | |
| r-patched-linux-x86_64 | 1.1.0 | 22.49 | 64.64 | 87.13 | OK | |
| r-release-linux-x86_64 | 1.1.0 | 22.09 | 64.41 | 86.50 | OK | |
| r-release-macos-arm64 | 1.1.0 | 12.00 | 36.00 | 48.00 | OK | |
| r-release-macos-x86_64 | 1.1.0 | 23.00 | 89.00 | 112.00 | OK | |
| r-release-windows-x86_64 | 1.1.0 | 29.00 | 92.00 | 121.00 | OK | |
| r-oldrel-macos-arm64 | 1.1.0 | 9.00 | 35.00 | 44.00 | OK | |
| r-oldrel-macos-x86_64 | 1.1.0 | 36.00 | 58.00 | 94.00 | OK | |
| r-oldrel-windows-x86_64 | 1.1.0 | 33.00 | 118.00 | 151.00 | OK |
Version: 1.1.0
Check: HTML version of manual
Result: NOTE
Found the following HTML validation problems:
WeatherLoach.html:54:1 (WeatherLoach.Rd:14): Warning: missing </ul> before </div>
plot.batchMarkOptim.html:51:1 (plot.batchMarkOptim.Rd:12): Warning: missing </ul> before </div>
plot.batchMarkUnmarkOptim.html:51:1 (plot.batchMarkUnmarkOptim.Rd:12): Warning: missing </ul> before </div>
print.batchMarkOptim.html:51:1 (print.batchMarkOptim.Rd:12): Warning: missing </ul> before </div>
print.batchMarkUnmarkOptim.html:51:1 (print.batchMarkUnmarkOptim.Rd:12): Warning: missing </ul> before </div>
Flavor: r-devel-linux-x86_64-debian-clang