CRAN Package Check Results for Package fastSOM

Last updated on 2025-11-20 09:48:28 CET.

Flavor Version Tinstall Tcheck Ttotal Status Flags
r-devel-linux-x86_64-debian-clang 1.0.1 4.00 26.32 30.32 NOTE
r-devel-linux-x86_64-debian-gcc 1.0.1 3.28 20.56 23.84 NOTE
r-devel-linux-x86_64-fedora-clang 1.0.1 44.75 OK
r-devel-linux-x86_64-fedora-gcc 1.0.1 42.74 OK
r-devel-windows-x86_64 1.0.1 7.00 43.00 50.00 OK
r-patched-linux-x86_64 1.0.1 4.09 24.59 28.68 OK
r-release-linux-x86_64 1.0.1 4.08 24.43 28.51 OK
r-release-macos-arm64 1.0.1 OK
r-release-macos-x86_64 1.0.1 5.00 31.00 36.00 OK
r-release-windows-x86_64 1.0.1 7.00 43.00 50.00 OK
r-oldrel-macos-arm64 1.0.1 OK
r-oldrel-macos-x86_64 1.0.1 5.00 26.00 31.00 OK
r-oldrel-windows-x86_64 1.0.1 8.00 43.00 51.00 OK

Check Details

Version: 1.0.1
Check: CRAN incoming feasibility
Result: NOTE Maintainer: ‘Stefan Kloessner <S.Kloessner@mx.uni-saarland.de>’ Package CITATION file contains call(s) to old-style citEntry(). Please use bibentry() instead. Flavors: r-devel-linux-x86_64-debian-clang, r-devel-linux-x86_64-debian-gcc