Last updated on 2024-05-01 08:55:07 CEST.
Flavor | Version | Tinstall | Tcheck | Ttotal | Status | Flags |
---|---|---|---|---|---|---|
r-devel-linux-x86_64-debian-clang | 2.1.1 | 12.77 | 138.81 | 151.58 | NOTE | |
r-devel-linux-x86_64-debian-gcc | 2.1.1 | 10.22 | 103.43 | 113.65 | NOTE | |
r-devel-linux-x86_64-fedora-clang | 2.1.1 | 193.38 | NOTE | |||
r-devel-linux-x86_64-fedora-gcc | 2.1.1 | 182.89 | NOTE | |||
r-devel-windows-x86_64 | 2.1.1 | 11.00 | 137.00 | 148.00 | NOTE | |
r-patched-linux-x86_64 | 2.1.1 | 10.39 | 134.82 | 145.21 | NOTE | |
r-release-linux-x86_64 | 2.1.1 | 10.48 | 136.32 | 146.80 | NOTE | |
r-release-macos-arm64 | 2.1.1 | 53.00 | NOTE | |||
r-release-windows-x86_64 | 2.1.1 | 12.00 | 138.00 | 150.00 | NOTE | |
r-oldrel-macos-arm64 | 2.1.1 | 59.00 | OK | |||
r-oldrel-macos-x86_64 | 2.1.1 | 100.00 | OK | |||
r-oldrel-windows-x86_64 | 2.1.1 | 16.00 | 149.00 | 165.00 | OK |
Version: 2.1.1
Check: Rd files
Result: NOTE
checkRd: (-1) NASAtemp.Rd:14: Lost braces in \itemize; meant \describe ?
checkRd: (-1) NASAtemp.Rd:15: Lost braces in \itemize; meant \describe ?
Flavors: r-devel-linux-x86_64-debian-clang, r-devel-linux-x86_64-debian-gcc, r-devel-linux-x86_64-fedora-clang, r-devel-linux-x86_64-fedora-gcc, r-devel-windows-x86_64, r-patched-linux-x86_64, r-release-linux-x86_64, r-release-macos-arm64, r-release-windows-x86_64