Last updated on 2025-11-21 09:49:03 CET.
| Flavor | Version | Tinstall | Tcheck | Ttotal | Status | Flags |
|---|---|---|---|---|---|---|
| r-devel-linux-x86_64-debian-clang | 1.0-3 | 3.02 | 32.70 | 35.72 | NOTE | |
| r-devel-linux-x86_64-debian-gcc | 1.0-3 | 2.50 | 25.65 | 28.15 | NOTE | |
| r-devel-linux-x86_64-fedora-clang | 1.0-3 | 10.00 | 44.49 | 54.49 | NOTE | |
| r-devel-linux-x86_64-fedora-gcc | 1.0-3 | 48.59 | NOTE | |||
| r-devel-windows-x86_64 | 1.0-3 | 9.00 | 53.00 | 62.00 | NOTE | |
| r-patched-linux-x86_64 | 1.0-3 | 3.33 | 30.10 | 33.43 | NOTE | |
| r-release-linux-x86_64 | 1.0-3 | 2.66 | 29.75 | 32.41 | NOTE | |
| r-release-macos-arm64 | 1.0-3 | NOTE | ||||
| r-release-macos-x86_64 | 1.0-3 | 5.00 | 29.00 | 34.00 | NOTE | |
| r-release-windows-x86_64 | 1.0-3 | 7.00 | 56.00 | 63.00 | NOTE | |
| r-oldrel-macos-arm64 | 1.0-3 | NOTE | ||||
| r-oldrel-macos-x86_64 | 1.0-3 | 3.00 | 26.00 | 29.00 | NOTE | |
| r-oldrel-windows-x86_64 | 1.0-3 | 5.00 | 55.00 | 60.00 | NOTE |
Version: 1.0-3
Check: CRAN incoming feasibility
Result: NOTE
Maintainer: ‘Ali Uenlue <ali.uenlue@tum.de>’
Package CITATION file contains call(s) to old-style personList() or
as.personList(). Please use c() on person objects instead.
Package CITATION file contains call(s) to old-style citEntry(). Please
use bibentry() instead.
Flavors: r-devel-linux-x86_64-debian-clang, r-devel-linux-x86_64-debian-gcc
Version: 1.0-3
Check: Rd files
Result: NOTE
checkRd: (-1) morse.Rd:40: Escaped LaTeX specials: \#
checkRd: (-1) noRegMin.Rd:23: Escaped LaTeX specials: \#
checkRd: (-1) noRegMin.Rd:24: Escaped LaTeX specials: \#
checkRd: (-1) regMin.Rd:24: Escaped LaTeX specials: \#
Flavors: r-devel-linux-x86_64-debian-clang, r-devel-linux-x86_64-debian-gcc, r-devel-linux-x86_64-fedora-clang, r-devel-linux-x86_64-fedora-gcc, r-devel-windows-x86_64, r-patched-linux-x86_64, r-release-linux-x86_64, r-release-macos-arm64, r-release-macos-x86_64, r-release-windows-x86_64, r-oldrel-macos-arm64, r-oldrel-macos-x86_64, r-oldrel-windows-x86_64
Version: 1.0-3
Check: compiled code
Result: NOTE
File ‘fechner/libs/fechner.so’:
Found no calls to: ‘R_registerRoutines’, ‘R_useDynamicSymbols’
It is good practice to register native routines and to disable symbol
search.
See ‘Writing portable packages’ in the ‘Writing R Extensions’ manual.
Flavors: r-devel-linux-x86_64-fedora-clang, r-devel-linux-x86_64-fedora-gcc