Last updated on 2025-11-02 09:48:35 CET.
| Flavor | Version | Tinstall | Tcheck | Ttotal | Status | Flags |
|---|---|---|---|---|---|---|
| r-devel-linux-x86_64-debian-clang | 0.2.1 | 24.69 | 110.00 | 134.69 | OK | |
| r-devel-linux-x86_64-debian-gcc | 0.2.1 | 19.13 | 65.02 | 84.15 | OK | |
| r-devel-linux-x86_64-fedora-clang | 0.2.1 | 78.00 | 138.32 | 216.32 | OK | |
| r-devel-linux-x86_64-fedora-gcc | 0.2.1 | 61.00 | 176.93 | 237.93 | OK | |
| r-devel-windows-x86_64 | 0.2.1 | 28.00 | 114.00 | 142.00 | OK | |
| r-patched-linux-x86_64 | 0.2.1 | 27.08 | 103.76 | 130.84 | OK | |
| r-release-linux-x86_64 | 0.2.1 | 27.09 | 79.87 | 106.96 | OK | |
| r-release-macos-arm64 | 0.2.1 | 12.00 | 83.00 | 95.00 | OK | |
| r-release-macos-x86_64 | 0.2.1 | 21.00 | 147.00 | 168.00 | OK | |
| r-release-windows-x86_64 | 0.2.1 | 27.00 | 110.00 | 137.00 | OK | |
| r-oldrel-macos-arm64 | 0.2.1 | 12.00 | 71.00 | 83.00 | NOTE | |
| r-oldrel-macos-x86_64 | 0.2.1 | 14.00 | 111.00 | 125.00 | NOTE | |
| r-oldrel-windows-x86_64 | 0.2.1 | 35.00 | 143.00 | 178.00 | OK |
Version: 0.2.1
Check: installed package size
Result: NOTE
installed size is 8.4Mb
sub-directories of 1Mb or more:
doc 1.1Mb
libs 7.1Mb
Flavors: r-oldrel-macos-arm64, r-oldrel-macos-x86_64