CRAN Package Check Results for Package glmlep

Last updated on 2025-11-21 09:49:05 CET.

Flavor Version Tinstall Tcheck Ttotal Status Flags
r-devel-linux-x86_64-debian-clang 0.2 3.86 21.41 25.27 NOTE
r-devel-linux-x86_64-debian-gcc 0.2 2.72 17.62 20.34 NOTE
r-devel-linux-x86_64-fedora-clang 0.2 36.86 OK
r-devel-linux-x86_64-fedora-gcc 0.2 11.00 22.43 33.43 OK
r-devel-windows-x86_64 0.2 8.00 40.00 48.00 OK
r-patched-linux-x86_64 0.2 3.68 20.19 23.87 OK
r-release-linux-x86_64 0.2 3.42 19.94 23.36 OK
r-release-macos-arm64 0.2 OK
r-release-macos-x86_64 0.2 4.00 22.00 26.00 OK
r-release-windows-x86_64 0.2 7.00 40.00 47.00 OK
r-oldrel-macos-arm64 0.2 OK
r-oldrel-macos-x86_64 0.2 4.00 19.00 23.00 OK
r-oldrel-windows-x86_64 0.2 7.00 47.00 54.00 OK

Check Details

Version: 0.2
Check: CRAN incoming feasibility
Result: NOTE Maintainer: ‘Canhong Wen <wencanhong@gmail.com>’ No Authors@R field in DESCRIPTION. Please add one, modifying Authors@R: c(person(given = "Canhong", family = "Wen", role = c("aut", "cre"), email = "wencanhong@gmail.com"), person(given = "Hao", family = "Lin", role = "aut"), person(given = "Xueqin", family = "Wang", role = "aut")) as necessary. Flavors: r-devel-linux-x86_64-debian-clang, r-devel-linux-x86_64-debian-gcc