Last updated on 2024-05-02 09:51:39 CEST.
Flavor | Version | Tinstall | Tcheck | Ttotal | Status | Flags |
---|---|---|---|---|---|---|
r-devel-linux-x86_64-debian-clang | 0.1.2 | 41.65 | 128.29 | 169.94 | OK | |
r-devel-linux-x86_64-debian-gcc | 0.1.2 | 34.41 | 93.70 | 128.11 | OK | |
r-devel-linux-x86_64-fedora-clang | 0.1.2 | 231.92 | NOTE | |||
r-devel-linux-x86_64-fedora-gcc | 0.1.2 | 222.12 | NOTE | |||
r-devel-windows-x86_64 | 0.1.2 | 36.00 | 130.00 | 166.00 | OK | |
r-patched-linux-x86_64 | 0.1.2 | 30.50 | 119.67 | 150.17 | OK | |
r-release-linux-x86_64 | 0.1.2 | 37.03 | 120.10 | 157.13 | OK | |
r-release-macos-arm64 | 0.1.2 | 58.00 | OK | |||
r-release-windows-x86_64 | 0.1.2 | 36.00 | 128.00 | 164.00 | OK | |
r-oldrel-macos-arm64 | 0.1.2 | 64.00 | OK | |||
r-oldrel-macos-x86_64 | 0.1.2 | 133.00 | OK | |||
r-oldrel-windows-x86_64 | 0.1.2 | 48.00 | 156.00 | 204.00 | OK |
Version: 0.1.2
Check: data for non-ASCII characters
Result: NOTE
Note: found 1352 marked UTF-8 strings
Flavors: r-devel-linux-x86_64-fedora-clang, r-devel-linux-x86_64-fedora-gcc