Last updated on 2025-10-31 08:50:15 CET.
| Flavor | Version | Tinstall | Tcheck | Ttotal | Status | Flags | 
|---|---|---|---|---|---|---|
| r-devel-linux-x86_64-debian-clang | 5.1.0 | 19.33 | 216.70 | 236.03 | OK | |
| r-devel-linux-x86_64-debian-gcc | 5.1.0 | 12.37 | 142.02 | 154.39 | OK | |
| r-devel-linux-x86_64-fedora-clang | 5.1.0 | 92.00 | 289.43 | 381.43 | OK | |
| r-devel-linux-x86_64-fedora-gcc | 5.1.0 | 40.00 | 294.45 | 334.45 | OK | |
| r-devel-windows-x86_64 | 5.1.0 | 22.00 | 211.00 | 233.00 | OK | |
| r-patched-linux-x86_64 | 5.1.0 | 19.34 | 201.93 | 221.27 | OK | |
| r-release-linux-x86_64 | 5.1.0 | 17.75 | 202.14 | 219.89 | OK | |
| r-release-macos-arm64 | 5.1.0 | 8.00 | 72.00 | 80.00 | OK | |
| r-release-macos-x86_64 | 5.1.0 | 18.00 | 199.00 | 217.00 | OK | |
| r-release-windows-x86_64 | 5.1.0 | 22.00 | 207.00 | 229.00 | OK | |
| r-oldrel-macos-arm64 | 5.1.0 | 8.00 | 78.00 | 86.00 | NOTE | |
| r-oldrel-macos-x86_64 | 5.1.0 | 19.00 | 222.00 | 241.00 | NOTE | |
| r-oldrel-windows-x86_64 | 5.1.0 | 27.00 | 277.00 | 304.00 | NOTE | 
Version: 5.1.0
Check: installed package size
Result: NOTE
    installed size is  5.6Mb
    sub-directories of 1Mb or more:
      help   5.2Mb
Flavors: r-oldrel-macos-arm64, r-oldrel-macos-x86_64, r-oldrel-windows-x86_64
Version: 5.1.0
Check: Rd cross-references
Result: NOTE
  Package unavailable to check Rd xrefs: ‘gratia’
Flavor: r-oldrel-macos-x86_64