Last updated on 2025-10-22 09:50:35 CEST.
Flavor | Version | Tinstall | Tcheck | Ttotal | Status | Flags |
---|---|---|---|---|---|---|
r-devel-linux-x86_64-debian-clang | 0.5.0 | 51.03 | 693.88 | 744.91 | NOTE | |
r-devel-linux-x86_64-debian-gcc | 0.5.0 | 33.81 | 468.96 | 502.77 | NOTE | |
r-devel-linux-x86_64-fedora-clang | 0.5.0 | 154.00 | 975.15 | 1129.15 | OK | |
r-devel-linux-x86_64-fedora-gcc | 0.5.0 | 107.00 | 956.36 | 1063.36 | OK | |
r-devel-windows-x86_64 | 0.5.0 | 52.00 | 564.00 | 616.00 | OK | |
r-patched-linux-x86_64 | 0.5.0 | 51.65 | 669.39 | 721.04 | OK | |
r-release-linux-x86_64 | 0.5.0 | 47.60 | 666.57 | 714.17 | OK | |
r-release-macos-arm64 | 0.5.0 | 27.00 | 264.00 | 291.00 | OK | |
r-release-macos-x86_64 | 0.5.0 | 36.00 | 405.00 | 441.00 | OK | |
r-release-windows-x86_64 | 0.5.0 | 53.00 | 562.00 | 615.00 | OK | |
r-oldrel-macos-arm64 | 0.5.0 | 20.00 | 198.00 | 218.00 | OK | |
r-oldrel-macos-x86_64 | 0.5.0 | 33.00 | 232.00 | 265.00 | OK | |
r-oldrel-windows-x86_64 | 0.5.0 | 70.00 | 715.00 | 785.00 | OK |
Version: 0.5.0
Check: HTML version of manual
Result: NOTE
Found the following HTML validation problems:
extract.html:65:1 (extract.Rd:26): Warning: missing </ul> before </div>
grainscape-defunct.html:46:1 (grainscape-defunct.Rd:10): Warning: missing </ul> before </div>
show.html:54:1 (show.Rd:17): Warning: missing </ul> before </div>
Flavors: r-devel-linux-x86_64-debian-clang, r-devel-linux-x86_64-debian-gcc