Last updated on 2025-11-25 09:50:07 CET.
| Flavor | Version | Tinstall | Tcheck | Ttotal | Status | Flags |
|---|---|---|---|---|---|---|
| r-devel-linux-x86_64-debian-clang | 0.1.5 | 21.56 | 38.70 | 60.26 | NOTE | |
| r-devel-linux-x86_64-debian-gcc | 0.1.5 | 20.03 | 29.36 | 49.39 | NOTE | |
| r-devel-linux-x86_64-fedora-clang | 0.1.5 | 55.00 | 50.87 | 105.87 | NOTE | |
| r-devel-linux-x86_64-fedora-gcc | 0.1.5 | 57.00 | 51.28 | 108.28 | NOTE | |
| r-devel-windows-x86_64 | 0.1.5 | 39.00 | 70.00 | 109.00 | NOTE | |
| r-patched-linux-x86_64 | 0.1.5 | 27.79 | 35.70 | 63.49 | NOTE | |
| r-release-linux-x86_64 | 0.1.5 | 27.94 | 35.58 | 63.52 | NOTE | |
| r-release-macos-arm64 | 0.1.5 | NOTE | ||||
| r-release-macos-x86_64 | 0.1.5 | 22.00 | 54.00 | 76.00 | NOTE | |
| r-release-windows-x86_64 | 0.1.5 | 31.00 | 69.00 | 100.00 | NOTE | |
| r-oldrel-macos-arm64 | 0.1.5 | NOTE | ||||
| r-oldrel-macos-x86_64 | 0.1.5 | 12.00 | 28.00 | 40.00 | NOTE | |
| r-oldrel-windows-x86_64 | 0.1.5 | 39.00 | 84.00 | 123.00 | NOTE |
Version: 0.1.5
Check: C++ specification
Result: NOTE
Specified C++11: please drop specification unless essential
Flavors: r-devel-linux-x86_64-debian-clang, r-devel-linux-x86_64-debian-gcc, r-devel-linux-x86_64-fedora-clang, r-devel-linux-x86_64-fedora-gcc, r-devel-windows-x86_64, r-patched-linux-x86_64, r-release-linux-x86_64, r-release-macos-arm64, r-release-macos-x86_64, r-release-windows-x86_64, r-oldrel-macos-arm64, r-oldrel-macos-x86_64, r-oldrel-windows-x86_64
Version: 0.1.5
Check: DESCRIPTION meta-information
Result: NOTE
Author field differs from that derived from Authors@R
Author: ‘Claus O. Wilke [aut] (<https://orcid.org/0000-0002-7470-9261>), Brenton M. Wiernik [aut, cre] (<https://orcid.org/0000-0001-9560-6336>, @bmwiernik)’
Authors@R: ‘Claus O. Wilke [aut] (ORCID: <https://orcid.org/0000-0002-7470-9261>), Brenton M. Wiernik [aut, cre] (ORCID: <https://orcid.org/0000-0001-9560-6336>, Twitter: @bmwiernik)’
Flavors: r-devel-linux-x86_64-debian-clang, r-devel-linux-x86_64-debian-gcc