Last updated on 2025-10-21 09:48:36 CEST.
Flavor | Version | Tinstall | Tcheck | Ttotal | Status | Flags |
---|---|---|---|---|---|---|
r-devel-linux-x86_64-debian-clang | 1.5.0 | 2.65 | 32.55 | 35.20 | OK | |
r-devel-linux-x86_64-debian-gcc | 1.5.0 | 1.85 | 25.96 | 27.81 | NOTE | |
r-devel-linux-x86_64-fedora-clang | 1.5.0 | 51.37 | OK | |||
r-devel-linux-x86_64-fedora-gcc | 1.5.0 | 58.85 | OK | |||
r-devel-windows-x86_64 | 1.5.0 | 4.00 | 54.00 | 58.00 | OK | |
r-patched-linux-x86_64 | 1.5.0 | 2.66 | 29.69 | 32.35 | OK | |
r-release-linux-x86_64 | 1.5.0 | 2.27 | 29.54 | 31.81 | OK | |
r-release-macos-arm64 | 1.5.0 | 76.00 | OK | |||
r-release-macos-x86_64 | 1.5.0 | 79.00 | OK | |||
r-release-windows-x86_64 | 1.5.0 | 5.00 | 54.00 | 59.00 | OK | |
r-oldrel-macos-arm64 | 1.5.0 | 50.00 | OK | |||
r-oldrel-macos-x86_64 | 1.5.0 | 109.00 | OK | |||
r-oldrel-windows-x86_64 | 1.5.0 | 4.00 | 61.00 | 65.00 | OK |
Version: 1.5.0
Check: HTML version of manual
Result: NOTE
Found the following HTML validation problems:
json_schema.html:126:1 (json_schema.Rd:140): Warning: <h5> anchor "Usage" already defined
json_schema.html:138:1 (json_schema.Rd:150): Warning: <h5> anchor "Arguments" already defined
json_schema.html:179:1 (json_schema.Rd:182): Warning: <h5> anchor "Usage" already defined
json_schema.html:185:1 (json_schema.Rd:186): Warning: <h5> anchor "Arguments" already defined
Flavor: r-devel-linux-x86_64-debian-gcc