Last updated on 2025-11-23 09:50:52 CET.
| Flavor | Version | Tinstall | Tcheck | Ttotal | Status | Flags |
|---|---|---|---|---|---|---|
| r-devel-linux-x86_64-debian-clang | 0.3.16 | 20.49 | 48.90 | 69.39 | NOTE | |
| r-devel-linux-x86_64-debian-gcc | 0.3.16 | 14.19 | 36.37 | 50.56 | NOTE | |
| r-devel-linux-x86_64-fedora-clang | 0.3.16 | 42.00 | 65.33 | 107.33 | OK | |
| r-devel-linux-x86_64-fedora-gcc | 0.3.16 | 44.00 | 53.24 | 97.24 | OK | |
| r-devel-windows-x86_64 | 0.3.16 | 29.00 | 68.00 | 97.00 | OK | |
| r-patched-linux-x86_64 | 0.3.16 | 19.67 | 44.61 | 64.28 | OK | |
| r-release-linux-x86_64 | 0.3.16 | 20.69 | 44.61 | 65.30 | OK | |
| r-release-macos-arm64 | 0.3.16 | OK | ||||
| r-release-macos-x86_64 | 0.3.16 | 26.00 | 51.00 | 77.00 | OK | |
| r-release-windows-x86_64 | 0.3.16 | 26.00 | 68.00 | 94.00 | OK | |
| r-oldrel-macos-arm64 | 0.3.16 | OK | ||||
| r-oldrel-macos-x86_64 | 0.3.16 | 14.00 | 35.00 | 49.00 | OK | |
| r-oldrel-windows-x86_64 | 0.3.16 | 33.00 | 79.00 | 112.00 | OK |
Version: 0.3.16
Check: CRAN incoming feasibility
Result: NOTE
Maintainer: ‘Randy Lai <randy.cs.lai@gmail.com>’
Found the following (possibly) invalid URLs:
URL: https://app.gitter.im/#/room/#REditorSupport_community:gitter.im?utm_source=badge&utm_medium=badge&utm_campaign=pr-badge
From: README.md
Message: Invalid URL: '#' not allowed in fragment
Flavors: r-devel-linux-x86_64-debian-clang, r-devel-linux-x86_64-debian-gcc