Last updated on 2024-05-02 09:51:45 CEST.
Flavor | Version | Tinstall | Tcheck | Ttotal | Status | Flags |
---|---|---|---|---|---|---|
r-devel-linux-x86_64-debian-clang | 1.2.0 | 6.52 | 88.60 | 95.12 | OK | |
r-devel-linux-x86_64-debian-gcc | 1.2.0 | 4.71 | 65.75 | 70.46 | OK | |
r-devel-linux-x86_64-fedora-clang | 1.2.0 | 121.18 | NOTE | |||
r-devel-linux-x86_64-fedora-gcc | 1.2.0 | 68.82 | NOTE | |||
r-devel-windows-x86_64 | 1.2.0 | 7.00 | 91.00 | 98.00 | OK | |
r-patched-linux-x86_64 | 1.2.0 | 6.20 | 84.27 | 90.47 | OK | |
r-release-linux-x86_64 | 1.2.0 | 6.38 | 84.35 | 90.73 | OK | |
r-release-macos-arm64 | 1.2.0 | 49.00 | OK | |||
r-release-windows-x86_64 | 1.2.0 | 7.00 | 89.00 | 96.00 | OK | |
r-oldrel-macos-arm64 | 1.2.0 | 48.00 | OK | |||
r-oldrel-macos-x86_64 | 1.2.0 | 70.00 | OK | |||
r-oldrel-windows-x86_64 | 1.2.0 | 8.00 | 98.00 | 106.00 | OK |
Version: 1.2.0
Check: data for non-ASCII characters
Result: NOTE
Note: found 75 marked UTF-8 strings
Flavors: r-devel-linux-x86_64-fedora-clang, r-devel-linux-x86_64-fedora-gcc