Last updated on 2025-10-24 09:50:07 CEST.
| Flavor | Version | Tinstall | Tcheck | Ttotal | Status | Flags |
|---|---|---|---|---|---|---|
| r-devel-linux-x86_64-debian-clang | 2.0.11 | 4.18 | 42.09 | 46.27 | NOTE | |
| r-devel-linux-x86_64-debian-gcc | 2.0.11 | 3.13 | 30.71 | 33.84 | OK | |
| r-devel-linux-x86_64-fedora-clang | 2.0.11 | 14.00 | 55.47 | 69.47 | OK | |
| r-devel-linux-x86_64-fedora-gcc | 2.0.11 | 64.23 | OK | |||
| r-devel-windows-x86_64 | 2.0.11 | 5.00 | 55.00 | 60.00 | OK | |
| r-patched-linux-x86_64 | 2.0.11 | 4.37 | 37.64 | 42.01 | OK | |
| r-release-linux-x86_64 | 2.0.11 | 4.45 | 37.80 | 42.25 | OK | |
| r-release-macos-arm64 | 2.0.11 | 2.00 | 22.00 | 24.00 | OK | |
| r-release-macos-x86_64 | 2.0.11 | 4.00 | 50.00 | 54.00 | OK | |
| r-release-windows-x86_64 | 2.0.11 | 7.00 | 57.00 | 64.00 | OK | |
| r-oldrel-macos-arm64 | 2.0.11 | 2.00 | 25.00 | 27.00 | OK | |
| r-oldrel-macos-x86_64 | 2.0.11 | 4.00 | 30.00 | 34.00 | OK | |
| r-oldrel-windows-x86_64 | 2.0.11 | 9.00 | 67.00 | 76.00 | OK |
Version: 2.0.11
Check: HTML version of manual
Result: NOTE
Found the following HTML validation problems:
default_toolchain.html:46:1 (default_toolchain.Rd:10): Warning: missing </ul> before </div>
Flavor: r-devel-linux-x86_64-debian-clang