Last updated on 2025-11-02 09:48:39 CET.
| Flavor | Version | Tinstall | Tcheck | Ttotal | Status | Flags |
|---|---|---|---|---|---|---|
| r-devel-linux-x86_64-debian-clang | 0.3.1 | 14.06 | 168.52 | 182.58 | NOTE | |
| r-devel-linux-x86_64-debian-gcc | 0.3.1 | 9.61 | 95.56 | 105.17 | NOTE | |
| r-devel-linux-x86_64-fedora-clang | 0.3.1 | 60.00 | 254.89 | 314.89 | OK | |
| r-devel-linux-x86_64-fedora-gcc | 0.3.1 | 31.00 | 257.18 | 288.18 | OK | |
| r-devel-windows-x86_64 | 0.3.1 | 18.00 | 177.00 | 195.00 | OK | |
| r-patched-linux-x86_64 | 0.3.1 | 14.50 | 156.72 | 171.22 | OK | |
| r-release-linux-x86_64 | 0.3.1 | 13.70 | 158.91 | 172.61 | OK | |
| r-release-macos-arm64 | 0.3.1 | 9.00 | 93.00 | 102.00 | OK | |
| r-release-macos-x86_64 | 0.3.1 | 12.00 | 198.00 | 210.00 | OK | |
| r-release-windows-x86_64 | 0.3.1 | 19.00 | 171.00 | 190.00 | OK | |
| r-oldrel-macos-arm64 | 0.3.1 | 8.00 | 60.00 | 68.00 | OK | |
| r-oldrel-macos-x86_64 | 0.3.1 | 11.00 | 113.00 | 124.00 | OK | |
| r-oldrel-windows-x86_64 | 0.3.1 | 25.00 | 237.00 | 262.00 | OK |
Version: 0.3.1
Check: CRAN incoming feasibility
Result: NOTE
Maintainer: ‘Wangshu Tu <wangshu.tu@carleton.ca>’
The Description field contains
<arXiv:2011.06682>, and is designed for clustering compositional data.
in papers: Tu and Subedi (2021) <arXiv:2101.01871> and Tu and Subedi
Please refer to arXiv e-prints via their arXiv DOI <doi:10.48550/arXiv.YYMM.NNNNN>.
Flavors: r-devel-linux-x86_64-debian-clang, r-devel-linux-x86_64-debian-gcc