Last updated on 2025-11-26 09:51:20 CET.
| Flavor | Version | Tinstall | Tcheck | Ttotal | Status | Flags |
|---|---|---|---|---|---|---|
| r-devel-linux-x86_64-debian-clang | 2.11.4 | 0.32 | 3.08 | 3.40 | ERROR | |
| r-devel-linux-x86_64-debian-gcc | 2.11.4 | 0.27 | 2.65 | 2.92 | ERROR | |
| r-devel-linux-x86_64-fedora-clang | 2.11.4 | 4.49 | ERROR | |||
| r-devel-linux-x86_64-fedora-gcc | 2.11.4 | 4.68 | ERROR | |||
| r-devel-windows-x86_64 | 2.11.4 | 40.00 | 259.00 | 299.00 | OK | |
| r-patched-linux-x86_64 | 2.11.4 | 39.08 | 320.29 | 359.37 | OK | |
| r-release-linux-x86_64 | 2.11.4 | 35.78 | 317.83 | 353.61 | OK | |
| r-release-macos-arm64 | 2.11.4 | OK | ||||
| r-release-macos-x86_64 | 2.11.4 | 30.00 | 269.00 | 299.00 | OK | |
| r-release-windows-x86_64 | 2.11.4 | 34.00 | 280.00 | 314.00 | OK | |
| r-oldrel-macos-arm64 | 2.11.4 | OK | ||||
| r-oldrel-macos-x86_64 | 2.11.4 | 32.00 | 285.00 | 317.00 | OK | |
| r-oldrel-windows-x86_64 | 2.11.4 | 50.00 | 375.00 | 425.00 | OK |
Version: 2.11.4
Check: package dependencies
Result: ERROR
Package required but not available: ‘leafem’
Package suggested but not available for checking: ‘mapdeck’
See section ‘The DESCRIPTION file’ in the ‘Writing R Extensions’
manual.
Flavors: r-devel-linux-x86_64-debian-clang, r-devel-linux-x86_64-debian-gcc, r-devel-linux-x86_64-fedora-clang, r-devel-linux-x86_64-fedora-gcc