Last updated on 2025-10-22 09:50:39 CEST.
Flavor | Version | Tinstall | Tcheck | Ttotal | Status | Flags |
---|---|---|---|---|---|---|
r-devel-linux-x86_64-debian-clang | 6.1.1 | 42.43 | 224.35 | 266.78 | OK | |
r-devel-linux-x86_64-debian-gcc | 6.1.1 | 26.05 | 139.37 | 165.42 | OK | |
r-devel-linux-x86_64-fedora-clang | 6.1.1 | 92.00 | 332.21 | 424.21 | OK | |
r-devel-linux-x86_64-fedora-gcc | 6.1.1 | 76.00 | 310.15 | 386.15 | OK | |
r-devel-windows-x86_64 | 6.1.1 | 41.00 | 262.00 | 303.00 | OK | |
r-patched-linux-x86_64 | 6.1.1 | 35.16 | 191.67 | 226.83 | OK | |
r-release-linux-x86_64 | 6.1.1 | 30.80 | 191.92 | 222.72 | OK | |
r-release-macos-arm64 | 6.1.1 | 21.00 | 78.00 | 99.00 | OK | |
r-release-macos-x86_64 | 6.1.1 | 43.00 | 151.00 | 194.00 | OK | |
r-release-windows-x86_64 | 6.1.1 | 41.00 | 277.00 | 318.00 | OK | |
r-oldrel-macos-arm64 | 6.1.1 | 19.00 | 53.00 | 72.00 | NOTE | |
r-oldrel-macos-x86_64 | 6.1.1 | 29.00 | 118.00 | 147.00 | NOTE | |
r-oldrel-windows-x86_64 | 6.1.1 | 49.00 | 305.00 | 354.00 | NOTE |
Version: 6.1.1
Check: installed package size
Result: NOTE
installed size is 5.6Mb
sub-directories of 1Mb or more:
doc 2.9Mb
Flavors: r-oldrel-macos-arm64, r-oldrel-macos-x86_64, r-oldrel-windows-x86_64