Last updated on 2024-04-28 09:53:53 CEST.
Flavor | Version | Tinstall | Tcheck | Ttotal | Status | Flags |
---|---|---|---|---|---|---|
r-devel-linux-x86_64-debian-clang | 1.0-3 | 75.94 | 34.15 | 110.09 | NOTE | |
r-devel-linux-x86_64-debian-gcc | 1.0-3 | 69.67 | 31.94 | 101.61 | NOTE | |
r-devel-linux-x86_64-fedora-clang | 1.0-3 | 156.85 | NOTE | |||
r-devel-linux-x86_64-fedora-gcc | 1.0-3 | 182.29 | NOTE | |||
r-devel-windows-x86_64 | 1.0-3 | 57.00 | 72.00 | 129.00 | NOTE | |
r-patched-linux-x86_64 | 1.0-3 | 75.66 | 39.05 | 114.71 | NOTE | |
r-release-linux-x86_64 | 1.0-3 | 93.32 | 37.38 | 130.70 | NOTE | |
r-release-macos-arm64 | 1.0-3 | 51.00 | NOTE | |||
r-release-windows-x86_64 | 1.0-3 | 61.00 | 74.00 | 135.00 | NOTE | |
r-oldrel-macos-arm64 | 1.0-3 | 46.00 | NOTE | |||
r-oldrel-macos-x86_64 | 1.0-3 | 79.00 | NOTE | |||
r-oldrel-windows-x86_64 | 1.0-3 | 76.00 | 82.00 | 158.00 | NOTE |
Version: 1.0-3
Check: C++ specification
Result: NOTE
Specified C++11: please drop specification unless essential
Flavors: r-devel-linux-x86_64-debian-clang, r-devel-linux-x86_64-debian-gcc, r-devel-linux-x86_64-fedora-clang, r-devel-linux-x86_64-fedora-gcc, r-devel-windows-x86_64, r-patched-linux-x86_64, r-release-linux-x86_64, r-release-macos-arm64, r-release-windows-x86_64, r-oldrel-macos-arm64, r-oldrel-macos-x86_64, r-oldrel-windows-x86_64
Version: 1.0-3
Check: installed package size
Result: NOTE
installed size is 27.6Mb
sub-directories of 1Mb or more:
libs 27.5Mb
Flavors: r-release-macos-arm64, r-oldrel-macos-arm64, r-oldrel-macos-x86_64