Last updated on 2025-10-24 09:50:09 CEST.
| Flavor | Version | Tinstall | Tcheck | Ttotal | Status | Flags |
|---|---|---|---|---|---|---|
| r-devel-linux-x86_64-debian-clang | 0.1.11 | 5.07 | 47.74 | 52.81 | NOTE | |
| r-devel-linux-x86_64-debian-gcc | 0.1.11 | 3.73 | 35.37 | 39.10 | OK | |
| r-devel-linux-x86_64-fedora-clang | 0.1.11 | 14.00 | 67.79 | 81.79 | OK | |
| r-devel-linux-x86_64-fedora-gcc | 0.1.11 | 73.48 | OK | |||
| r-devel-windows-x86_64 | 0.1.11 | 7.00 | 64.00 | 71.00 | OK | |
| r-patched-linux-x86_64 | 0.1.11 | 5.05 | 44.19 | 49.24 | OK | |
| r-release-linux-x86_64 | 0.1.11 | 3.38 | 44.40 | 47.78 | OK | |
| r-release-macos-arm64 | 0.1.11 | 2.00 | 25.00 | 27.00 | OK | |
| r-release-macos-x86_64 | 0.1.11 | 6.00 | 41.00 | 47.00 | OK | |
| r-release-windows-x86_64 | 0.1.11 | 6.00 | 65.00 | 71.00 | OK | |
| r-oldrel-macos-arm64 | 0.1.11 | 2.00 | 24.00 | 26.00 | OK | |
| r-oldrel-macos-x86_64 | 0.1.11 | 4.00 | 36.00 | 40.00 | OK | |
| r-oldrel-windows-x86_64 | 0.1.11 | 8.00 | 81.00 | 89.00 | OK |
Version: 0.1.11
Check: HTML version of manual
Result: NOTE
Found the following HTML validation problems:
geom_ref_line.html:54:1 (geom_ref_line.Rd:14): Warning: missing </ul> before </div>
Flavor: r-devel-linux-x86_64-debian-clang