Last updated on 2025-11-24 09:50:39 CET.
| Flavor | Version | Tinstall | Tcheck | Ttotal | Status | Flags |
|---|---|---|---|---|---|---|
| r-devel-linux-x86_64-debian-clang | 1.0 | 12.34 | 82.52 | 94.86 | NOTE | |
| r-devel-linux-x86_64-debian-gcc | 1.0 | 8.81 | 58.56 | 67.37 | NOTE | |
| r-devel-linux-x86_64-fedora-clang | 1.0 | 23.00 | 122.90 | 145.90 | NOTE | |
| r-devel-linux-x86_64-fedora-gcc | 1.0 | 25.00 | 111.30 | 136.30 | NOTE | |
| r-devel-windows-x86_64 | 1.0 | 18.00 | 85.00 | 103.00 | OK | |
| r-patched-linux-x86_64 | 1.0 | 11.99 | 78.56 | 90.55 | NOTE | |
| r-release-linux-x86_64 | 1.0 | 11.23 | 77.26 | 88.49 | NOTE | |
| r-release-macos-arm64 | 1.0 | OK | ||||
| r-release-macos-x86_64 | 1.0 | 13.00 | 71.00 | 84.00 | OK | |
| r-release-windows-x86_64 | 1.0 | 13.00 | 103.00 | 116.00 | OK | |
| r-oldrel-macos-arm64 | 1.0 | OK | ||||
| r-oldrel-macos-x86_64 | 1.0 | 7.00 | 53.00 | 60.00 | OK | |
| r-oldrel-windows-x86_64 | 1.0 | 16.00 | 111.00 | 127.00 | OK |
Version: 1.0
Check: CRAN incoming feasibility
Result: NOTE
Maintainer: ‘Phil J Watson <philwatson.slr@gmail.com>’
No Authors@R field in DESCRIPTION.
Please add one, modifying
Authors@R: person(given = c("Phil", "J"),
family = "Watson",
role = c("aut", "cre"),
email = "philwatson.slr@gmail.com")
as necessary.
Flavors: r-devel-linux-x86_64-debian-clang, r-devel-linux-x86_64-debian-gcc
Version: 1.0
Check: for non-standard things in the check directory
Result: NOTE
Found the following files/directories:
‘Acceleration.pdf’ ‘File1.pdf’ ‘Forecast.pdf’ ‘Series.pdf’
‘Velocity.pdf’
Flavors: r-devel-linux-x86_64-debian-clang, r-devel-linux-x86_64-debian-gcc, r-devel-linux-x86_64-fedora-clang, r-devel-linux-x86_64-fedora-gcc, r-patched-linux-x86_64, r-release-linux-x86_64