Last updated on 2025-10-31 08:50:21 CET.
| Flavor | Version | Tinstall | Tcheck | Ttotal | Status | Flags | 
|---|---|---|---|---|---|---|
| r-devel-linux-x86_64-debian-clang | 0.9.14 | 10.07 | 197.28 | 207.35 | NOTE | |
| r-devel-linux-x86_64-debian-gcc | 0.9.14 | 6.46 | 147.97 | 154.43 | NOTE | |
| r-devel-linux-x86_64-fedora-clang | 0.9.14 | 21.00 | 288.68 | 309.68 | OK | |
| r-devel-linux-x86_64-fedora-gcc | 0.9.14 | 21.00 | 289.09 | 310.09 | OK | |
| r-devel-windows-x86_64 | 0.9.14 | 10.00 | 212.00 | 222.00 | OK | |
| r-patched-linux-x86_64 | 0.9.14 | 8.72 | 193.60 | 202.32 | OK | |
| r-release-linux-x86_64 | 0.9.14 | 9.20 | 188.25 | 197.45 | OK | |
| r-release-macos-arm64 | 0.9.14 | 4.00 | 97.00 | 101.00 | OK | |
| r-release-macos-x86_64 | 0.9.14 | 8.00 | 199.00 | 207.00 | OK | |
| r-release-windows-x86_64 | 0.9.14 | 11.00 | 214.00 | 225.00 | OK | |
| r-oldrel-macos-arm64 | 0.9.14 | 4.00 | 87.00 | 91.00 | OK | |
| r-oldrel-macos-x86_64 | 0.9.14 | 9.00 | 155.00 | 164.00 | OK | |
| r-oldrel-windows-x86_64 | 0.9.14 | 13.00 | 270.00 | 283.00 | OK | 
Version: 0.9.14
Check: CRAN incoming feasibility
Result: NOTE
  Maintainer: ‘Annette Molinaro <annette.molinaro@ucsf.edu>’
  
  No Authors@R field in DESCRIPTION.
  Please add one, modifying
    Authors@R: c(person(given = "Annette",
                        family = "Molinaro",
                        role = c("aut", "cre"),
                        email = "annette.molinaro@ucsf.edu"),
                 person(given = "Adam",
                        family = "Olshen",
                        role = "aut",
                        email = "olshena@biostat.ucsf.edu"),
                 person(given = "Karen",
                        family = "Lostritto",
                        role = "aut",
                        email = "karen.lostritto@yale.edu"),
                 person(given = "Gregory",
                        family = "Ryslik",
                        role = "aut",
                        email = "gregory.ryslik@yale.edu"),
                 person(given = "Steve",
                        family = "Weston",
                        role = "aut",
                        email = "stephen.weston@yale.com"))
  as necessary.
  
  Package CITATION file contains call(s) to old-style personList() or
  as.personList().  Please use c() on person objects instead.
  Package CITATION file contains call(s) to old-style citEntry().  Please
  use bibentry() instead.
Flavors: r-devel-linux-x86_64-debian-clang, r-devel-linux-x86_64-debian-gcc