Last updated on 2024-04-28 09:53:56 CEST.
Flavor | Version | Tinstall | Tcheck | Ttotal | Status | Flags |
---|---|---|---|---|---|---|
r-devel-linux-x86_64-debian-clang | 0.11.0 | 23.32 | 251.17 | 274.49 | OK | |
r-devel-linux-x86_64-debian-gcc | 0.11.0 | 19.31 | 173.25 | 192.56 | OK | |
r-devel-linux-x86_64-fedora-clang | 0.11.0 | 324.41 | OK | |||
r-devel-linux-x86_64-fedora-gcc | 0.11.0 | 302.21 | OK | |||
r-devel-windows-x86_64 | 0.11.0 | 18.00 | 185.00 | 203.00 | OK | |
r-patched-linux-x86_64 | 0.11.0 | 22.55 | 232.15 | 254.70 | NOTE | |
r-release-linux-x86_64 | 0.11.0 | 20.05 | 258.29 | 278.34 | OK | |
r-release-macos-arm64 | 0.11.0 | 70.00 | OK | |||
r-release-macos-x86_64 | 0.11.0 | 224.00 | OK | |||
r-release-windows-x86_64 | 0.11.0 | 18.00 | 182.00 | 200.00 | OK | |
r-oldrel-macos-arm64 | 0.11.0 | 81.00 | OK | |||
r-oldrel-macos-x86_64 | 0.11.0 | 184.00 | OK | |||
r-oldrel-windows-x86_64 | 0.11.0 | 26.00 | 237.00 | 263.00 | OK |
Version: 0.11.0
Check: package dependencies
Result: NOTE
Package suggested but not available for checking: ‘blavaan’
Flavor: r-patched-linux-x86_64