Last updated on 2024-05-01 08:55:20 CEST.
Flavor | Version | Tinstall | Tcheck | Ttotal | Status | Flags |
---|---|---|---|---|---|---|
r-devel-linux-x86_64-debian-clang | 0.2.0 | 19.15 | 31.75 | 50.90 | NOTE | |
r-devel-linux-x86_64-debian-gcc | 0.2.0 | 14.88 | 24.07 | 38.95 | NOTE | |
r-devel-linux-x86_64-fedora-clang | 0.2.0 | 73.16 | NOTE | |||
r-devel-linux-x86_64-fedora-gcc | 0.2.0 | 67.43 | NOTE | |||
r-devel-windows-x86_64 | 0.2.0 | 18.00 | 62.00 | 80.00 | NOTE | |
r-patched-linux-x86_64 | 0.2.0 | 20.22 | 29.58 | 49.80 | NOTE | |
r-release-linux-x86_64 | 0.2.0 | 20.71 | 29.64 | 50.35 | NOTE | |
r-release-macos-arm64 | 0.2.0 | 21.00 | NOTE | |||
r-release-windows-x86_64 | 0.2.0 | 17.00 | 59.00 | 76.00 | NOTE | |
r-oldrel-macos-arm64 | 0.2.0 | 25.00 | NOTE | |||
r-oldrel-macos-x86_64 | 0.2.0 | 34.00 | NOTE | |||
r-oldrel-windows-x86_64 | 0.2.0 | 19.00 | 68.00 | 87.00 | NOTE |
Version: 0.2.0
Check: C++ specification
Result: NOTE
Specified C++11: please drop specification unless essential
Flavors: r-devel-linux-x86_64-debian-clang, r-devel-linux-x86_64-debian-gcc, r-devel-linux-x86_64-fedora-clang, r-devel-linux-x86_64-fedora-gcc, r-devel-windows-x86_64, r-patched-linux-x86_64, r-release-linux-x86_64, r-release-macos-arm64, r-release-windows-x86_64, r-oldrel-macos-arm64, r-oldrel-macos-x86_64, r-oldrel-windows-x86_64
Version: 0.2.0
Check: LazyData
Result: NOTE
'LazyData' is specified without a 'data' directory
Flavors: r-devel-linux-x86_64-debian-clang, r-devel-linux-x86_64-debian-gcc, r-devel-linux-x86_64-fedora-clang, r-devel-linux-x86_64-fedora-gcc, r-devel-windows-x86_64, r-patched-linux-x86_64, r-release-linux-x86_64, r-release-macos-arm64, r-release-windows-x86_64, r-oldrel-macos-arm64, r-oldrel-macos-x86_64, r-oldrel-windows-x86_64