Last updated on 2025-10-30 08:51:23 CET.
| Flavor | Version | Tinstall | Tcheck | Ttotal | Status | Flags | 
|---|---|---|---|---|---|---|
| r-devel-linux-x86_64-debian-clang | 2.0.1 | 14.09 | 44.09 | 58.18 | OK | |
| r-devel-linux-x86_64-debian-gcc | 2.0.1 | 11.25 | 35.84 | 47.09 | OK | |
| r-devel-linux-x86_64-fedora-clang | 2.0.1 | 28.00 | 57.53 | 85.53 | OK | |
| r-devel-linux-x86_64-fedora-gcc | 2.0.1 | 32.00 | 66.15 | 98.15 | OK | |
| r-devel-windows-x86_64 | 2.0.1 | 17.00 | 61.00 | 78.00 | OK | |
| r-patched-linux-x86_64 | 2.0.1 | 14.17 | 40.65 | 54.82 | OK | |
| r-release-linux-x86_64 | 2.0.1 | 13.80 | 41.84 | 55.64 | OK | |
| r-release-macos-arm64 | 2.0.1 | 11.00 | 34.00 | 45.00 | OK | |
| r-release-macos-x86_64 | 2.0.1 | 17.00 | 55.00 | 72.00 | OK | |
| r-release-windows-x86_64 | 2.0.1 | 17.00 | 61.00 | 78.00 | OK | |
| r-oldrel-macos-arm64 | 2.0.1 | 12.00 | 32.00 | 44.00 | NOTE | |
| r-oldrel-macos-x86_64 | 2.0.1 | 14.00 | 46.00 | 60.00 | NOTE | |
| r-oldrel-windows-x86_64 | 2.0.1 | 22.00 | 77.00 | 99.00 | OK | 
Version: 2.0.1
Check: installed package size
Result: NOTE
    installed size is  5.9Mb
    sub-directories of 1Mb or more:
      R      3.0Mb
      data   2.8Mb
Flavors: r-oldrel-macos-arm64, r-oldrel-macos-x86_64