CRAN Package Check Results for Package pulsar

Last updated on 2025-10-22 09:50:47 CEST.

Flavor Version Tinstall Tcheck Ttotal Status Flags
r-devel-linux-x86_64-debian-clang 0.3.11 5.73 336.86 342.59 NOTE
r-devel-linux-x86_64-debian-gcc 0.3.11 5.37 288.04 293.41 NOTE
r-devel-linux-x86_64-fedora-clang 0.3.11 15.00 501.54 516.54 OK
r-devel-linux-x86_64-fedora-gcc 0.3.11 32.00 472.58 504.58 OK
r-devel-windows-x86_64 0.3.11 8.00 288.00 296.00 OK
r-patched-linux-x86_64 0.3.11 7.22 328.51 335.73 OK
r-release-linux-x86_64 0.3.11 6.97 324.53 331.50 OK
r-release-macos-arm64 0.3.11 4.00 175.00 179.00 OK
r-release-macos-x86_64 0.3.11 12.00 318.00 330.00 OK
r-release-windows-x86_64 0.3.11 8.00 295.00 303.00 OK
r-oldrel-macos-arm64 0.3.11 3.00 152.00 155.00 OK
r-oldrel-macos-x86_64 0.3.11 5.00 213.00 218.00 OK
r-oldrel-windows-x86_64 0.3.11 12.00 379.00 391.00 OK

Check Details

Version: 0.3.11
Check: CRAN incoming feasibility
Result: NOTE Maintainer: ‘Zachary Kurtz <zdkurtz@gmail.com>’ The Description field contains Müller, Richard Bonneau, Zachary Kurtz (2016) <arXiv:1605.07072>. Please refer to arXiv e-prints via their arXiv DOI <doi:10.48550/arXiv.YYMM.NNNNN>. Flavors: r-devel-linux-x86_64-debian-clang, r-devel-linux-x86_64-debian-gcc

Version: 0.3.11
Check: HTML version of manual
Result: NOTE Found the following HTML validation problems: print.pulsar.html:54:1 (print.pulsar.Rd:15): Warning: missing </ul> before </div> print.pulsar.refit.html:51:1 (print.pulsar.refit.Rd:12): Warning: missing </ul> before </div> Flavors: r-devel-linux-x86_64-debian-clang, r-devel-linux-x86_64-debian-gcc