CRAN Package Check Results for Package qccrs

Last updated on 2025-11-23 09:50:58 CET.

Flavor Version Tinstall Tcheck Ttotal Status Flags
r-devel-linux-x86_64-debian-clang 0.1.0 4.17 34.75 38.92 OK
r-devel-linux-x86_64-debian-gcc 0.1.0 2.77 25.72 28.49 OK
r-devel-linux-x86_64-fedora-clang 0.1.0 61.06 OK
r-devel-linux-x86_64-fedora-gcc 0.1.0 55.94 OK
r-devel-windows-x86_64 0.1.0 7.00 50.00 57.00 OK
r-patched-linux-x86_64 0.1.0 4.18 33.01 37.19 OK
r-release-linux-x86_64 0.1.0 3.96 32.23 36.19 OK
r-release-macos-arm64 0.1.0 OK
r-release-macos-x86_64 0.1.0 3.00 31.00 34.00 OK
r-release-windows-x86_64 0.1.0 7.00 49.00 56.00 OK
r-oldrel-macos-arm64 0.1.0 NOTE
r-oldrel-macos-x86_64 0.1.0 3.00 27.00 30.00 NOTE
r-oldrel-windows-x86_64 0.1.0 7.00 59.00 66.00 NOTE

Check Details

Version: 0.1.0
Check: LazyData
Result: NOTE 'LazyData' is specified without a 'data' directory Flavors: r-oldrel-macos-arm64, r-oldrel-macos-x86_64, r-oldrel-windows-x86_64