Last updated on 2024-05-02 09:51:55 CEST.
Flavor | Version | Tinstall | Tcheck | Ttotal | Status | Flags |
---|---|---|---|---|---|---|
r-devel-linux-x86_64-debian-clang | 0.2.0 | 10.47 | 155.32 | 165.79 | NOTE | |
r-devel-linux-x86_64-debian-gcc | 0.2.0 | 7.58 | 111.42 | 119.00 | NOTE | |
r-devel-linux-x86_64-fedora-clang | 0.2.0 | 199.22 | NOTE | |||
r-devel-linux-x86_64-fedora-gcc | 0.2.0 | 201.96 | NOTE | |||
r-devel-windows-x86_64 | 0.2.0 | 8.00 | 124.00 | 132.00 | NOTE | |
r-patched-linux-x86_64 | 0.2.0 | 6.18 | 141.45 | 147.63 | NOTE | |
r-release-linux-x86_64 | 0.2.0 | 5.61 | 143.68 | 149.29 | NOTE | |
r-release-macos-arm64 | 0.2.0 | 64.00 | NOTE | |||
r-release-windows-x86_64 | 0.2.0 | 10.00 | 131.00 | 141.00 | NOTE | |
r-oldrel-macos-arm64 | 0.2.0 | 72.00 | NOTE | |||
r-oldrel-macos-x86_64 | 0.2.0 | 121.00 | NOTE | |||
r-oldrel-windows-x86_64 | 0.2.0 | 11.00 | 155.00 | 166.00 | NOTE |
Version: 0.2.0
Check: Rd files
Result: NOTE
checkRd: (-1) harmonize_values.Rd:44: Lost braces; missing escapes or markup?
44 | \item{perl}{Use perl-like regex? Defaults to {FALSE}.}
| ^
Flavors: r-devel-linux-x86_64-debian-clang, r-devel-linux-x86_64-debian-gcc, r-devel-linux-x86_64-fedora-clang, r-devel-linux-x86_64-fedora-gcc, r-devel-windows-x86_64, r-patched-linux-x86_64, r-release-linux-x86_64, r-release-macos-arm64, r-release-windows-x86_64
Version: 0.2.0
Check: installed package size
Result: NOTE
installed size is 5.7Mb
sub-directories of 1Mb or more:
doc 1.1Mb
examples 1.9Mb
Flavors: r-devel-linux-x86_64-fedora-clang, r-devel-windows-x86_64, r-release-macos-arm64, r-release-windows-x86_64, r-oldrel-macos-arm64, r-oldrel-macos-x86_64, r-oldrel-windows-x86_64