Last updated on 2025-10-24 09:50:16 CEST.
| Flavor | Version | Tinstall | Tcheck | Ttotal | Status | Flags |
|---|---|---|---|---|---|---|
| r-devel-linux-x86_64-debian-clang | 2.1.0 | 2.08 | 27.45 | 29.53 | NOTE | |
| r-devel-linux-x86_64-debian-gcc | 2.1.0 | 1.45 | 21.85 | 23.30 | NOTE | |
| r-devel-linux-x86_64-fedora-clang | 2.1.0 | 43.70 | NOTE | |||
| r-devel-linux-x86_64-fedora-gcc | 2.1.0 | 56.64 | NOTE | |||
| r-devel-windows-x86_64 | 2.1.0 | 4.00 | 48.00 | 52.00 | NOTE | |
| r-patched-linux-x86_64 | 2.1.0 | 2.52 | 25.29 | 27.81 | NOTE | |
| r-release-linux-x86_64 | 2.1.0 | 1.92 | 25.63 | 27.55 | NOTE | |
| r-release-macos-arm64 | 2.1.0 | 1.00 | 30.00 | 31.00 | NOTE | |
| r-release-macos-x86_64 | 2.1.0 | 5.00 | 121.00 | 126.00 | NOTE | |
| r-release-windows-x86_64 | 2.1.0 | 6.00 | 50.00 | 56.00 | NOTE | |
| r-oldrel-macos-arm64 | 2.1.0 | 1.00 | 28.00 | 29.00 | NOTE | |
| r-oldrel-macos-x86_64 | 2.1.0 | 2.00 | 34.00 | 36.00 | NOTE | |
| r-oldrel-windows-x86_64 | 2.1.0 | 6.00 | 57.00 | 63.00 | NOTE |
Version: 2.1.0
Check: Rd files
Result: NOTE
checkRd: (-1) lateformeeting.Rd:10: Lost braces in \itemize; meant \describe ?
checkRd: (-1) lateformeeting.Rd:11: Lost braces in \itemize; meant \describe ?
checkRd: (-1) lateformeeting.Rd:12: Lost braces in \itemize; meant \describe ?
checkRd: (-1) lateformeeting.Rd:13: Lost braces in \itemize; meant \describe ?
checkRd: (-1) lfm_clean.Rd:10: Lost braces in \itemize; meant \describe ?
checkRd: (-1) lfm_clean.Rd:11: Lost braces in \itemize; meant \describe ?
checkRd: (-1) lfm_clean.Rd:12: Lost braces in \itemize; meant \describe ?
checkRd: (-1) lfm_clean.Rd:13: Lost braces in \itemize; meant \describe ?
Flavors: r-devel-linux-x86_64-debian-clang, r-devel-linux-x86_64-debian-gcc, r-devel-linux-x86_64-fedora-clang, r-devel-linux-x86_64-fedora-gcc, r-devel-windows-x86_64, r-patched-linux-x86_64, r-release-linux-x86_64, r-release-macos-arm64, r-release-macos-x86_64, r-release-windows-x86_64, r-oldrel-macos-arm64, r-oldrel-macos-x86_64, r-oldrel-windows-x86_64