Last updated on 2025-10-24 09:50:17 CEST.
| Flavor | Version | Tinstall | Tcheck | Ttotal | Status | Flags |
|---|---|---|---|---|---|---|
| r-devel-linux-x86_64-debian-clang | 1.1.2 | 2.04 | 23.87 | 25.91 | NOTE | |
| r-devel-linux-x86_64-debian-gcc | 1.1.2 | 1.56 | 19.63 | 21.19 | OK | |
| r-devel-linux-x86_64-fedora-clang | 1.1.2 | 37.16 | OK | |||
| r-devel-linux-x86_64-fedora-gcc | 1.1.2 | 34.78 | OK | |||
| r-devel-windows-x86_64 | 1.1.2 | 4.00 | 42.00 | 46.00 | OK | |
| r-patched-linux-x86_64 | 1.1.2 | 2.13 | 21.97 | 24.10 | OK | |
| r-release-linux-x86_64 | 1.1.2 | 1.97 | 22.03 | 24.00 | OK | |
| r-release-macos-arm64 | 1.1.2 | 1.00 | 17.00 | 18.00 | OK | |
| r-release-macos-x86_64 | 1.1.2 | 2.00 | 24.00 | 26.00 | OK | |
| r-release-windows-x86_64 | 1.1.2 | 5.00 | 44.00 | 49.00 | OK | |
| r-oldrel-macos-arm64 | 1.1.2 | 1.00 | 15.00 | 16.00 | OK | |
| r-oldrel-macos-x86_64 | 1.1.2 | 2.00 | 20.00 | 22.00 | OK | |
| r-oldrel-windows-x86_64 | 1.1.2 | 5.00 | 51.00 | 56.00 | OK |
Version: 1.1.2
Check: HTML version of manual
Result: NOTE
Found the following HTML validation problems:
capture_function_calls.html:46:1 (capture_function_calls.Rd:10): Warning: missing </ul> before </div>
Flavor: r-devel-linux-x86_64-debian-clang