Last updated on 2024-05-01 08:55:26 CEST.
Flavor | Version | Tinstall | Tcheck | Ttotal | Status | Flags |
---|---|---|---|---|---|---|
r-devel-linux-x86_64-debian-clang | 0.0.1 | 6.39 | 45.77 | 52.16 | NOTE | |
r-devel-linux-x86_64-debian-gcc | 0.0.1 | 4.64 | 34.52 | 39.16 | NOTE | |
r-devel-linux-x86_64-fedora-clang | 0.0.1 | 66.00 | NOTE | |||
r-devel-linux-x86_64-fedora-gcc | 0.0.1 | 74.16 | NOTE | |||
r-devel-windows-x86_64 | 0.0.1 | 6.00 | 57.00 | 63.00 | NOTE | |
r-patched-linux-x86_64 | 0.0.1 | 5.89 | 43.36 | 49.25 | NOTE | |
r-release-linux-x86_64 | 0.0.1 | 4.67 | 43.39 | 48.06 | NOTE | |
r-release-macos-arm64 | 0.0.1 | 28.00 | NOTE | |||
r-release-windows-x86_64 | 0.0.1 | 7.00 | 57.00 | 64.00 | NOTE | |
r-oldrel-macos-arm64 | 0.0.1 | 28.00 | NOTE | |||
r-oldrel-macos-x86_64 | 0.0.1 | 44.00 | NOTE | |||
r-oldrel-windows-x86_64 | 0.0.1 | 9.00 | 58.00 | 67.00 | NOTE |
Version: 0.0.1
Check: Rd files
Result: NOTE
checkRd: (-1) addValidationSuffix.Rd:13: Lost braces; missing escapes or markup?
13 | A string `"{tagId}-shinyreforms-validation"`.
| ^
Flavors: r-devel-linux-x86_64-debian-clang, r-devel-linux-x86_64-debian-gcc, r-devel-linux-x86_64-fedora-clang, r-devel-linux-x86_64-fedora-gcc, r-devel-windows-x86_64, r-patched-linux-x86_64, r-release-linux-x86_64, r-release-macos-arm64, r-release-windows-x86_64
Version: 0.0.1
Check: LazyData
Result: NOTE
'LazyData' is specified without a 'data' directory
Flavors: r-devel-linux-x86_64-debian-clang, r-devel-linux-x86_64-debian-gcc, r-devel-linux-x86_64-fedora-clang, r-devel-linux-x86_64-fedora-gcc, r-devel-windows-x86_64, r-patched-linux-x86_64, r-release-linux-x86_64, r-release-macos-arm64, r-release-windows-x86_64, r-oldrel-macos-arm64, r-oldrel-macos-x86_64, r-oldrel-windows-x86_64