Last updated on 2025-10-21 09:48:47 CEST.
Flavor | Version | Tinstall | Tcheck | Ttotal | Status | Flags |
---|---|---|---|---|---|---|
r-devel-linux-x86_64-debian-clang | 0.1.5 | 4.88 | 53.50 | 58.38 | OK | |
r-devel-linux-x86_64-debian-gcc | 0.1.5 | 3.13 | 39.84 | 42.97 | NOTE | |
r-devel-linux-x86_64-fedora-clang | 0.1.5 | 86.74 | OK | |||
r-devel-linux-x86_64-fedora-gcc | 0.1.5 | 82.89 | OK | |||
r-devel-windows-x86_64 | 0.1.5 | 8.00 | 74.00 | 82.00 | OK | |
r-patched-linux-x86_64 | 0.1.5 | 5.17 | 49.50 | 54.67 | OK | |
r-release-linux-x86_64 | 0.1.5 | 4.21 | 49.22 | 53.43 | OK | |
r-release-macos-arm64 | 0.1.5 | 28.00 | OK | |||
r-release-macos-x86_64 | 0.1.5 | 51.00 | OK | |||
r-release-windows-x86_64 | 0.1.5 | 10.00 | 77.00 | 87.00 | OK | |
r-oldrel-macos-arm64 | 0.1.5 | 28.00 | OK | |||
r-oldrel-macos-x86_64 | 0.1.5 | 40.00 | OK | |||
r-oldrel-windows-x86_64 | 0.1.5 | 11.00 | 87.00 | 98.00 | OK |
Version: 0.1.5
Check: HTML version of manual
Result: NOTE
Found the following HTML validation problems:
sg_custom_shapes.html:46:1 (sg_custom_shapes.Rd:10): Warning: missing </ul> before </div>
sg_zoom_p.html:58:1 (sg_zoom_p.Rd:16): Warning: missing </ul> before </div>
sigmajs-shiny.html:74:1 (sigmajs-shiny.Rd:30): Warning: missing </ul> before </div>
Flavor: r-devel-linux-x86_64-debian-gcc