Last updated on 2025-11-21 09:49:19 CET.
| Flavor | Version | Tinstall | Tcheck | Ttotal | Status | Flags |
|---|---|---|---|---|---|---|
| r-devel-linux-x86_64-debian-clang | 0.2.0 | 9.15 | 79.51 | 88.66 | NOTE | |
| r-devel-linux-x86_64-debian-gcc | 0.2.0 | 6.19 | 54.67 | 60.86 | NOTE | |
| r-devel-linux-x86_64-fedora-clang | 0.2.0 | 25.00 | 109.62 | 134.62 | NOTE | |
| r-devel-linux-x86_64-fedora-gcc | 0.2.0 | 19.00 | 96.73 | 115.73 | NOTE | |
| r-devel-windows-x86_64 | 0.2.0 | 12.00 | 103.00 | 115.00 | NOTE | |
| r-patched-linux-x86_64 | 0.2.0 | 9.55 | 73.03 | 82.58 | NOTE | |
| r-release-linux-x86_64 | 0.2.0 | 8.68 | 72.29 | 80.97 | NOTE | |
| r-release-macos-arm64 | 0.2.0 | NOTE | ||||
| r-release-macos-x86_64 | 0.2.0 | 7.00 | 65.00 | 72.00 | NOTE | |
| r-release-windows-x86_64 | 0.2.0 | 13.00 | 102.00 | 115.00 | NOTE | |
| r-oldrel-macos-arm64 | 0.2.0 | OK | ||||
| r-oldrel-macos-x86_64 | 0.2.0 | 10.00 | 77.00 | 87.00 | OK | |
| r-oldrel-windows-x86_64 | 0.2.0 | 15.00 | 125.00 | 140.00 | OK |
Version: 0.2.0
Check: DESCRIPTION meta-information
Result: NOTE
Missing dependency on R >= 4.1.0 because package code uses the pipe
|> or function shorthand \(...) syntax added in R 4.1.0.
File(s) using such syntax:
‘plott.R’ ‘read_cats_csv.R’
Flavors: r-devel-linux-x86_64-debian-clang, r-devel-linux-x86_64-debian-gcc, r-devel-linux-x86_64-fedora-clang, r-devel-linux-x86_64-fedora-gcc, r-devel-windows-x86_64, r-patched-linux-x86_64, r-release-linux-x86_64, r-release-macos-arm64, r-release-macos-x86_64, r-release-windows-x86_64