Last updated on 2025-11-02 09:48:50 CET.
| Flavor | Version | Tinstall | Tcheck | Ttotal | Status | Flags |
|---|---|---|---|---|---|---|
| r-devel-linux-x86_64-debian-clang | 1.2.0 | 25.96 | 69.50 | 95.46 | OK | |
| r-devel-linux-x86_64-debian-gcc | 1.2.0 | 16.26 | 49.15 | 65.41 | OK | |
| r-devel-linux-x86_64-fedora-clang | 1.2.0 | 58.00 | 95.19 | 153.19 | OK | |
| r-devel-linux-x86_64-fedora-gcc | 1.2.0 | 55.00 | 105.41 | 160.41 | OK | |
| r-devel-windows-x86_64 | 1.2.0 | 30.00 | 86.00 | 116.00 | OK | |
| r-patched-linux-x86_64 | 1.2.0 | 28.11 | 66.09 | 94.20 | OK | |
| r-release-linux-x86_64 | 1.2.0 | 24.34 | 66.45 | 90.79 | OK | |
| r-release-macos-arm64 | 1.2.0 | 17.00 | 93.00 | 110.00 | OK | |
| r-release-macos-x86_64 | 1.2.0 | 23.00 | 78.00 | 101.00 | OK | |
| r-release-windows-x86_64 | 1.2.0 | 31.00 | 86.00 | 117.00 | OK | |
| r-oldrel-macos-arm64 | 1.2.0 | 12.00 | 44.00 | 56.00 | NOTE | |
| r-oldrel-macos-x86_64 | 1.2.0 | 23.00 | 66.00 | 89.00 | NOTE | |
| r-oldrel-windows-x86_64 | 1.2.0 | 41.00 | 102.00 | 143.00 | NOTE |
Version: 1.2.0
Check: installed package size
Result: NOTE
installed size is 7.3Mb
sub-directories of 1Mb or more:
R 2.0Mb
threeBrainJS 2.9Mb
Flavors: r-oldrel-macos-arm64, r-oldrel-macos-x86_64, r-oldrel-windows-x86_64