Last updated on 2025-11-15 09:49:04 CET.
| Flavor | Version | Tinstall | Tcheck | Ttotal | Status | Flags |
|---|---|---|---|---|---|---|
| r-devel-linux-x86_64-debian-clang | 0.2.0 | 4.35 | 49.51 | 53.86 | NOTE | |
| r-devel-linux-x86_64-debian-gcc | 0.2.0 | 2.83 | 37.03 | 39.86 | NOTE | |
| r-devel-linux-x86_64-fedora-clang | 0.2.0 | 79.92 | NOTE | |||
| r-devel-linux-x86_64-fedora-gcc | 0.2.0 | 10.00 | 66.01 | 76.01 | NOTE | |
| r-devel-windows-x86_64 | 0.2.0 | 8.00 | 63.00 | 71.00 | NOTE | |
| r-patched-linux-x86_64 | 0.2.0 | 4.93 | 45.23 | 50.16 | NOTE | |
| r-release-linux-x86_64 | 0.2.0 | 3.81 | 44.86 | 48.67 | NOTE | |
| r-release-macos-arm64 | 0.2.0 | 2.00 | 27.00 | 29.00 | NOTE | |
| r-release-macos-x86_64 | 0.2.0 | 3.00 | 48.00 | 51.00 | OK | |
| r-release-windows-x86_64 | 0.2.0 | 7.00 | 62.00 | 69.00 | NOTE | |
| r-oldrel-macos-arm64 | 0.2.0 | 2.00 | 30.00 | 32.00 | OK | |
| r-oldrel-macos-x86_64 | 0.2.0 | 3.00 | 40.00 | 43.00 | OK | |
| r-oldrel-windows-x86_64 | 0.2.0 | 8.00 | 75.00 | 83.00 | OK |
Version: 0.2.0
Check: DESCRIPTION meta-information
Result: NOTE
Missing dependency on R >= 4.1.0 because package code uses the pipe
|> or function shorthand \(...) syntax added in R 4.1.0.
File(s) using such syntax:
‘summarise2.Rd’
Flavors: r-devel-linux-x86_64-debian-clang, r-devel-linux-x86_64-debian-gcc, r-devel-linux-x86_64-fedora-clang, r-devel-linux-x86_64-fedora-gcc, r-devel-windows-x86_64, r-patched-linux-x86_64, r-release-linux-x86_64, r-release-macos-arm64, r-release-windows-x86_64