Last updated on 2025-10-21 09:48:49 CEST.
Flavor | Version | Tinstall | Tcheck | Ttotal | Status | Flags |
---|---|---|---|---|---|---|
r-devel-linux-x86_64-debian-clang | 1.0.10 | 98.67 | 56.29 | 154.96 | OK | |
r-devel-linux-x86_64-debian-gcc | 1.0.10 | 71.18 | 42.42 | 113.60 | NOTE | |
r-devel-linux-x86_64-fedora-clang | 1.0.10 | 307.82 | OK | |||
r-devel-linux-x86_64-fedora-gcc | 1.0.10 | 293.08 | OK | |||
r-devel-windows-x86_64 | 1.0.10 | 131.00 | 99.00 | 230.00 | OK | |
r-patched-linux-x86_64 | 1.0.10 | 106.62 | 52.96 | 159.58 | OK | |
r-release-linux-x86_64 | 1.0.10 | 100.55 | 52.89 | 153.44 | OK | |
r-release-macos-arm64 | 1.0.10 | 86.00 | OK | |||
r-release-macos-x86_64 | 1.0.10 | 134.00 | OK | |||
r-release-windows-x86_64 | 1.0.10 | 132.00 | 97.00 | 229.00 | OK | |
r-oldrel-macos-arm64 | 1.0.10 | 80.00 | NOTE | |||
r-oldrel-macos-x86_64 | 1.0.10 | 84.00 | NOTE | |||
r-oldrel-windows-x86_64 | 1.0.10 | 157.00 | 117.00 | 274.00 | OK |
Version: 1.0.10
Check: HTML version of manual
Result: NOTE
Found the following HTML validation problems:
tidy_xlsx.html:196:1 (tidy_xlsx.Rd:53): Warning: <h4> anchor "Formula" already defined
tidy_xlsx.html:221:1 (tidy_xlsx.Rd:75): Warning: <h4> anchor "Formatting" already defined
Flavor: r-devel-linux-x86_64-debian-gcc
Version: 1.0.10
Check: installed package size
Result: NOTE
installed size is 9.6Mb
sub-directories of 1Mb or more:
libs 8.6Mb
Flavors: r-oldrel-macos-arm64, r-oldrel-macos-x86_64