CRAN Package Check Results for Package wosr

Last updated on 2025-11-02 09:48:52 CET.

Flavor Version Tinstall Tcheck Ttotal Status Flags
r-devel-linux-x86_64-debian-clang 0.3.0 3.27 30.73 34.00 OK
r-devel-linux-x86_64-debian-gcc 0.3.0 2.20 24.09 26.29 OK
r-devel-linux-x86_64-fedora-clang 0.3.0 50.98 OK
r-devel-linux-x86_64-fedora-gcc 0.3.0 46.99 OK
r-devel-windows-x86_64 0.3.0 5.00 48.00 53.00 OK
r-patched-linux-x86_64 0.3.0 3.28 28.31 31.59 OK
r-release-linux-x86_64 0.3.0 2.28 28.07 30.35 OK
r-release-macos-arm64 0.3.0 2.00 17.00 19.00 OK
r-release-macos-x86_64 0.3.0 3.00 28.00 31.00 OK
r-release-windows-x86_64 0.3.0 5.00 48.00 53.00 OK
r-oldrel-macos-arm64 0.3.0 2.00 17.00 19.00 NOTE
r-oldrel-macos-x86_64 0.3.0 2.00 24.00 26.00 NOTE
r-oldrel-windows-x86_64 0.3.0 6.00 55.00 61.00 NOTE

Check Details

Version: 0.3.0
Check: LazyData
Result: NOTE 'LazyData' is specified without a 'data' directory Flavors: r-oldrel-macos-arm64, r-oldrel-macos-x86_64, r-oldrel-windows-x86_64