Last updated on 2025-10-22 09:50:58 CEST.
Flavor | Version | Tinstall | Tcheck | Ttotal | Status | Flags |
---|---|---|---|---|---|---|
r-devel-linux-x86_64-debian-clang | 0.1.0 | 17.23 | 463.53 | 480.76 | NOTE | |
r-devel-linux-x86_64-debian-gcc | 0.1.0 | 11.41 | 318.03 | 329.44 | NOTE | |
r-devel-linux-x86_64-fedora-clang | 0.1.0 | 76.00 | 961.33 | 1037.33 | OK | |
r-devel-linux-x86_64-fedora-gcc | 0.1.0 | 36.00 | 790.73 | 826.73 | OK | |
r-devel-windows-x86_64 | 0.1.0 | 21.00 | 531.00 | 552.00 | OK | |
r-patched-linux-x86_64 | 0.1.0 | 20.30 | 443.05 | 463.35 | OK | |
r-release-linux-x86_64 | 0.1.0 | 15.88 | 443.19 | 459.07 | OK | |
r-release-macos-arm64 | 0.1.0 | 11.00 | 267.00 | 278.00 | OK | |
r-release-macos-x86_64 | 0.1.0 | 29.00 | 642.00 | 671.00 | OK | |
r-release-windows-x86_64 | 0.1.0 | 20.00 | 567.00 | 587.00 | OK | |
r-oldrel-macos-arm64 | 0.1.0 | 12.00 | 267.00 | 279.00 | NOTE | |
r-oldrel-macos-x86_64 | 0.1.0 | 32.00 | 672.00 | 704.00 | NOTE | |
r-oldrel-windows-x86_64 | 0.1.0 | 28.00 | 797.00 | 825.00 | NOTE |
Version: 0.1.0
Check: HTML version of manual
Result: NOTE
Found the following HTML validation problems:
fill_prob_subprob_method.html:74:1 (fill_prob_subprob_method.Rd:27): Warning: missing </ul> before </div>
mutate_files.html:50:1 (mutate_files.Rd:12): Warning: missing </ul> before </div>
test_nlmixr2_has_fit.html:46:1 (test_nlmixr2_has_fit.Rd:10): Warning: missing </ul> before </div>
test_xpdb.html:52:1 (test_xpdb.Rd:14): Warning: missing </ul> before </div>
Flavors: r-devel-linux-x86_64-debian-clang, r-devel-linux-x86_64-debian-gcc
Version: 0.1.0
Check: installed package size
Result: NOTE
installed size is 8.9Mb
sub-directories of 1Mb or more:
data 3.5Mb
doc 2.4Mb
Flavors: r-oldrel-macos-arm64, r-oldrel-macos-x86_64, r-oldrel-windows-x86_64